{"id":17717,"date":"2015-11-23T16:17:15","date_gmt":"2015-11-23T16:17:15","guid":{"rendered":"https:\/\/dackel.ch\/notre-club\/groupes-regionaux\/groupe-regional-de-berne-et-environs\/"},"modified":"2026-02-15T16:31:47","modified_gmt":"2026-02-15T16:31:47","slug":"groupe-regional-de-berne-et-environs","status":"publish","type":"page","link":"https:\/\/dackel.ch\/fr\/notre-club\/groupes-regionaux\/groupe-regional-de-berne-et-environs\/","title":{"rendered":"Groupe r\u00e9gional de Berne et environs"},"content":{"rendered":"\n<style type=\"text\/css\" data-created_by=\"avia_inline_auto\" id=\"style-css-av-2l3ky6-d0c4ad4aa1b12ebef94ecfcd52c7c130\">\n.flex_column.av-2l3ky6-d0c4ad4aa1b12ebef94ecfcd52c7c130{\nborder-radius:0px 0px 0px 0px;\npadding:0px 0px 0px 0px;\n}\n<\/style>\n<div  class='flex_column av-2l3ky6-d0c4ad4aa1b12ebef94ecfcd52c7c130 av_three_fifth  avia-builder-el-0  el_before_av_two_fifth  avia-builder-el-first  first flex_column_div av-zero-column-padding  '     ><p>\n<style type=\"text\/css\" data-created_by=\"avia_inline_auto\" id=\"style-css-av-2h70ri-94e07ecd6b1d9e469c8fda03b3d1e936\">\n.avia-image-container.av-2h70ri-94e07ecd6b1d9e469c8fda03b3d1e936 img.avia_image{\nbox-shadow:none;\n}\n.avia-image-container.av-2h70ri-94e07ecd6b1d9e469c8fda03b3d1e936 .av-image-caption-overlay-center{\ncolor:#ffffff;\n}\n<\/style>\n<div  class='avia-image-container av-2h70ri-94e07ecd6b1d9e469c8fda03b3d1e936 av-styling- avia-align-center  avia-builder-el-1  el_before_av_hr  avia-builder-el-first '   itemprop=\"image\" itemscope=\"itemscope\" itemtype=\"https:\/\/schema.org\/ImageObject\" ><div class=\"avia-image-container-inner\"><div class=\"avia-image-overlay-wrap\"><img decoding=\"async\" fetchpriority=\"high\" class='wp-image-17723 avia-img-lazy-loading-not-17723 avia_image ' src=\"https:\/\/dackel.ch\/wp-content\/uploads\/2024\/01\/SDC_LOGO_23_web_rahmen-300x300.png\" alt='' title='SDC_LOGO_23_web_rahmen'  height=\"300\" width=\"300\"  itemprop=\"thumbnailUrl\" srcset=\"https:\/\/dackel.ch\/wp-content\/uploads\/2024\/01\/SDC_LOGO_23_web_rahmen-300x300.png 300w, https:\/\/dackel.ch\/wp-content\/uploads\/2024\/01\/SDC_LOGO_23_web_rahmen-1030x1030.png 1030w, https:\/\/dackel.ch\/wp-content\/uploads\/2024\/01\/SDC_LOGO_23_web_rahmen-80x80.png 80w, https:\/\/dackel.ch\/wp-content\/uploads\/2024\/01\/SDC_LOGO_23_web_rahmen-768x768.png 768w, https:\/\/dackel.ch\/wp-content\/uploads\/2024\/01\/SDC_LOGO_23_web_rahmen-1536x1536.png 1536w, https:\/\/dackel.ch\/wp-content\/uploads\/2024\/01\/SDC_LOGO_23_web_rahmen-2048x2048.png 2048w, https:\/\/dackel.ch\/wp-content\/uploads\/2024\/01\/SDC_LOGO_23_web_rahmen-36x36.png 36w, https:\/\/dackel.ch\/wp-content\/uploads\/2024\/01\/SDC_LOGO_23_web_rahmen-180x180.png 180w, https:\/\/dackel.ch\/wp-content\/uploads\/2024\/01\/SDC_LOGO_23_web_rahmen-1500x1500.png 1500w, https:\/\/dackel.ch\/wp-content\/uploads\/2024\/01\/SDC_LOGO_23_web_rahmen-705x705.png 705w\" sizes=\"(max-width: 300px) 100vw, 300px\" \/><\/div><\/div><\/div><br \/>\n<div  class='hr av-2amdh2-eddba031c373bb818c614409274e76d0 hr-default  avia-builder-el-2  el_after_av_image  el_before_av_textblock '><span class='hr-inner '><span class=\"hr-inner-style\"><\/span><\/span><\/div><br \/>\n<section  class='av_textblock_section av-20bkpi-b86781999435cf5976eead1b11c0410e '   itemscope=\"itemscope\" itemtype=\"https:\/\/schema.org\/CreativeWork\" ><div class='avia_textblock'  itemprop=\"text\" ><p>Bonjour, cher ami(e) des teckels.<\/p>\n<p>Permettez-nous de nous pr\u00e9senter bri\u00e8vement.<\/p>\n<hr>\n<p><strong>Comit\u00e9<\/strong><\/p>\n<div class=\"tmm  tmm_3-ortsgruppe-bern-und-umgebung tmm-floating-pic\"><div class=\"tmm_2_columns tmm_wrap \"><span class=\"tmm_two_containers_tablet\"><\/span><div class=\"tmm_container\"><div class=\"tmm_member \" style=\"border-top:#aaaaaa solid 5px;\"><div class=\" tmm_photo tmm_phover_3-ortsgruppe-bern-und-umgebung_0\" style=\"background: url(https:\/\/dackel.ch\/wp-content\/uploads\/2015\/11\/be_vorstand_christine.jpg); margin-left: auto; margin-right:auto; background-size:cover !important;\"><\/div><div class=\"tmm_textblock\"><div class=\"tmm_names\"><span class=\"tmm_fname\">Christine<\/span> <span class=\"tmm_lname\">Blatter<\/span><\/div><div class=\"tmm_job\">Pr\u00e4sidentin und Aktuarin<\/div><div class=\"tmm_desc\" style=\"text-align:center\">Hauptstr. 12<br>\r\n3805 Goldswil<br>\r\nMobile 079 687 18 87<\/div><div class=\"tmm_scblock\">\n                                                        <a class=\"tmm_sociallink\" href=\"mailto:christine.blatter@dackel.ch\" title=\"E-Mail\"><img decoding=\"async\" alt=\"E-Mail\" src=\"https:\/\/dackel.ch\/wp-content\/plugins\/team-members-pro\/img\/links\/email.png\"\/><\/a><\/div><\/div><\/div><div class=\"tmm_member \" style=\"border-top:#aaaaaa solid 5px;\"><div class=\" tmm_photo tmm_phover_3-ortsgruppe-bern-und-umgebung_1\" style=\"background: url(https:\/\/dackel.ch\/wp-content\/uploads\/2023\/05\/Brigitta2.jpg); margin-left: auto; margin-right:auto; background-size:cover !important;\"><\/div><div class=\"tmm_textblock\"><div class=\"tmm_names\"><span class=\"tmm_fname\">Brigitta<\/span> <span class=\"tmm_lname\">Prinz<\/span><\/div><div class=\"tmm_job\">Kassierin<\/div><div class=\"tmm_desc\" style=\"text-align:center\">Lauperswilstr. 14<br>\r\n3436 Zollbr\u00fcck<br>\r\nMobile Telefon 079 381 65 80<\/div><div class=\"tmm_scblock\">\n                                                        <a class=\"tmm_sociallink\" href=\"mailto:brigitta.prinz@dackel.ch\" title=\"E-Mail\"><img decoding=\"async\" alt=\"E-Mail\" src=\"https:\/\/dackel.ch\/wp-content\/plugins\/team-members-pro\/img\/links\/email.png\"\/><\/a><\/div><\/div><\/div><span class=\"tmm_two_containers_tablet\"><\/span><\/div><span class=\"tmm_columns_containers_desktop\"><\/span><div class=\"tmm_container\"><div class=\"tmm_member \" style=\"border-top:#aaaaaa solid 5px;\"><div class=\" tmm_photo tmm_phover_3-ortsgruppe-bern-und-umgebung_2\" style=\"background: url(https:\/\/dackel.ch\/wp-content\/uploads\/2015\/11\/be_vorstand_margret.jpg); margin-left: auto; margin-right:auto; background-size:cover !important;\"><\/div><div class=\"tmm_textblock\"><div class=\"tmm_names\"><span class=\"tmm_fname\">Margret<\/span> <span class=\"tmm_lname\">Siegenthaler<\/span><\/div><div class=\"tmm_job\">Protokoll<\/div><div class=\"tmm_desc\" style=\"text-align:center\">Thanstr. 12<br>\r\n3436 Zollbr\u00fcck<br>\r\nTelefon 034 496 71 21<br>\r\nMobile 079 239 73 16<\/div><div class=\"tmm_scblock\">\n                                                        <a class=\"tmm_sociallink\" href=\"mailto:margret.siegenthaler@dackel.ch\" title=\"E-Mail\"><img decoding=\"async\" alt=\"E-Mail\" src=\"https:\/\/dackel.ch\/wp-content\/plugins\/team-members-pro\/img\/links\/email.png\"\/><\/a><\/div><\/div><\/div><div class=\"tmm_member \" style=\"border-top:#aaaaaa solid 5px;\"><div class=\" tmm_photo tmm_phover_3-ortsgruppe-bern-und-umgebung_3\" style=\"background: url(https:\/\/dackel.ch\/wp-content\/uploads\/2018\/04\/rechner.jpg); margin-left: auto; margin-right:auto; background-size:cover !important;\"><\/div><div class=\"tmm_textblock\"><div class=\"tmm_names\"><span class=\"tmm_fname\">Beatrix<\/span> <span class=\"tmm_lname\">Rechner<\/span><\/div><div class=\"tmm_job\">Beisitzerin<\/div><div class=\"tmm_desc\" style=\"text-align:center\">Schachen 8<br>\r\n3401 Burgdorf<br>\r\nTelefon 034 422 21 14<br>\r\nMobile 079 208 28 22<br><\/div><div class=\"tmm_scblock\">\n                                                        <a class=\"tmm_sociallink\" href=\"mailto:beatrix.rechner@dackel.ch\" title=\"E-Mail\"><img decoding=\"async\" alt=\"E-Mail\" src=\"https:\/\/dackel.ch\/wp-content\/plugins\/team-members-pro\/img\/links\/email.png\"\/><\/a><\/div><\/div><\/div><div style=\"clear:both;\"><\/div><\/div><\/div><\/div>\n<hr>\n<\/div><\/section><\/p><\/div>\n\n<style type=\"text\/css\" data-created_by=\"avia_inline_auto\" id=\"style-css-av-1upoym-3637331fd970d45b4b33c23594613b70\">\n.flex_column.av-1upoym-3637331fd970d45b4b33c23594613b70{\nborder-radius:0px 0px 0px 0px;\npadding:0px 0px 0px 0px;\n}\n<\/style>\n<div  class='flex_column av-1upoym-3637331fd970d45b4b33c23594613b70 av_two_fifth flex_column_div av-zero-column-padding  '     ><p><section  class='av_textblock_section av-1qwlry-3820905d06757abfd9fbc90fa30e1928 '   itemscope=\"itemscope\" itemtype=\"https:\/\/schema.org\/CreativeWork\" ><div class='avia_textblock'  itemprop=\"text\" ><p><strong>Programme<\/strong><\/p>\n<h3><\/h3>\n<\/div><\/section><br \/>\n<div  class='hr av-178f6e-b7549f23a91704f9c1c23a2a7908327a hr-default'><span class='hr-inner '><span class=\"hr-inner-style\"><\/span><\/span><\/div><br \/>\n<div  class='avia-button-wrap avia-button-center '>\n<style type=\"text\/css\" data-created_by=\"avia_inline_auto\" id=\"style-css-av-lbmnpb3s-2e129d6828acacb1720296321bf895be\">\n#top #wrap_all .avia-button.av-lbmnpb3s-2e129d6828acacb1720296321bf895be:hover{\nbackground-color:silver;\ncolor:white;\ntransition:all 0.4s ease-in-out;\n}\n#top #wrap_all .avia-button.av-lbmnpb3s-2e129d6828acacb1720296321bf895be:hover .avia-svg-icon svg:first-child{\nfill:white;\nstroke:white;\n}\n<\/style>\n<a href='https:\/\/dackel.ch\/wp-content\/uploads\/2026\/02\/Jahresprogramm-2026.pdf' class='avia-color-theme-color avia-font-color-theme-color avia-button avia-button-fullwidth av-lbmnpb3s-2e129d6828acacb1720296321bf895be avia-icon_select-no avia-color-theme-color'  target=\"_blank\"  rel=\"noopener noreferrer\"  aria-label=\"Programme annuel 2026\"><span class='avia_iconbox_title' >Programme annuel 2026<\/span><\/a><\/div><br \/>\n<div  class='hr av-92qnq-35e02cba28c8fcd791d4e3e4d2c41d0b hr-default'><span class='hr-inner '><span class=\"hr-inner-style\"><\/span><\/span><\/div><br \/>\n<section  class='av_textblock_section av-q49um-55806762d8e4effd5d7a1c1dd78fb830 '   itemscope=\"itemscope\" itemtype=\"https:\/\/schema.org\/CreativeWork\" ><div class='avia_textblock'  itemprop=\"text\" ><p><strong><a href=\"http:\/\/www.dackel-bern.ch\">Site internet du GR de Berne et environs<\/a><\/strong><\/p>\n<p><a href=\"https:\/\/dackel-bern.ch\" target=\"_blank\" rel=\"noopener\"><img loading=\"lazy\" decoding=\"async\" class=\"alignnone wp-image-7012 size-portfolio\" src=\"https:\/\/dackel.ch\/wp-content\/uploads\/2021\/04\/webbe-495x400.png\" alt=\"\" width=\"495\" height=\"400\" srcset=\"https:\/\/dackel.ch\/wp-content\/uploads\/2021\/04\/webbe-495x400.png 495w, https:\/\/dackel.ch\/wp-content\/uploads\/2021\/04\/webbe-845x684.png 845w\" sizes=\"auto, (max-width: 495px) 100vw, 495px\" \/><\/a><\/p>\n<\/div><\/section><br \/>\n<div  class='hr av-kclrq-c34a98fd8197417b1d20cdc03af20d06 hr-default'><span class='hr-inner '><span class=\"hr-inner-style\"><\/span><\/span><\/div><br \/>\n<section  class='av_textblock_section av-clywm-cdca58e6c40ca04cd3870031f3075ac8 '   itemscope=\"itemscope\" itemtype=\"https:\/\/schema.org\/CreativeWork\" ><div class='avia_textblock'  itemprop=\"text\" ><p><strong>Infos | Liens | T\u00e9l\u00e9chargements<\/strong><\/p>\n<p><strong>Zone d\u2019activit\u00e9<\/strong><\/p>\n<p>Canton de Berne, Soleure, parties d\u2019Argovie et de Lucerne, Fribourg al\u00e9manique<\/p>\n<p><strong>Cours<\/strong><br \/>\nCours d\u2019\u00e9ducation et entra\u00eenement au pistage dans la r\u00e9gion de Berne. Pr\u00e9paration aux examens de chien de compagnie. Mais m\u00eame sans intention de passer un examen, tu es le\/la bienvenu(e) \u00e0 nos entra\u00eenements&nbsp;!  <\/p>\n<p><strong>Manifestations<\/strong><br \/>\nLors de diverses manifestations, nous cultivons la camaraderie et l\u2019\u00e9change d\u2019id\u00e9es entre les membres, tout en alliant l\u2019utile \u00e0 l\u2019agr\u00e9able. La nourriture et les boissons sont indispensables. Pour les membres qui ne sont pas tr\u00e8s mobiles, nous avons toujours un point de rencontre facilement accessible en voiture.<\/p>\n<\/div><\/section><br \/>\n<div  class='hr av-aswba-9ba3c79c457001ad1cc3877a2822241d hr-default'><span class='hr-inner '><span class=\"hr-inner-style\"><\/span><\/span><\/div><\/p><\/div>\n","protected":false},"excerpt":{"rendered":"","protected":false},"author":1,"featured_media":0,"parent":17496,"menu_order":0,"comment_status":"closed","ping_status":"closed","template":"","meta":{"ngg_post_thumbnail":0,"footnotes":""},"class_list":["post-17717","page","type-page","status-publish","hentry"],"_links":{"self":[{"href":"https:\/\/dackel.ch\/fr\/wp-json\/wp\/v2\/pages\/17717","targetHints":{"allow":["GET"]}}],"collection":[{"href":"https:\/\/dackel.ch\/fr\/wp-json\/wp\/v2\/pages"}],"about":[{"href":"https:\/\/dackel.ch\/fr\/wp-json\/wp\/v2\/types\/page"}],"author":[{"embeddable":true,"href":"https:\/\/dackel.ch\/fr\/wp-json\/wp\/v2\/users\/1"}],"replies":[{"embeddable":true,"href":"https:\/\/dackel.ch\/fr\/wp-json\/wp\/v2\/comments?post=17717"}],"version-history":[{"count":19,"href":"https:\/\/dackel.ch\/fr\/wp-json\/wp\/v2\/pages\/17717\/revisions"}],"predecessor-version":[{"id":19441,"href":"https:\/\/dackel.ch\/fr\/wp-json\/wp\/v2\/pages\/17717\/revisions\/19441"}],"up":[{"embeddable":true,"href":"https:\/\/dackel.ch\/fr\/wp-json\/wp\/v2\/pages\/17496"}],"wp:attachment":[{"href":"https:\/\/dackel.ch\/fr\/wp-json\/wp\/v2\/media?parent=17717"}],"curies":[{"name":"wp","href":"https:\/\/api.w.org\/{rel}","templated":true}]}}

Groupe régional de Berne et environs

<style type="text/css" data-created_by="avia_inline_auto" id="style-css-av-2l3ky6-d0c4ad4aa1b12ebef94ecfcd52c7c130">
.flex_column.av-2l3ky6-d0c4ad4aa1b12ebef94ecfcd52c7c130{
border-radius:0px 0px 0px 0px;
padding:0px 0px 0px 0px;
}
</style>
<div  class='flex_column av-2l3ky6-d0c4ad4aa1b12ebef94ecfcd52c7c130 av_three_fifth  avia-builder-el-0  el_before_av_two_fifth  avia-builder-el-first  first flex_column_div av-zero-column-padding  '     ><p>
<style type="text/css" data-created_by="avia_inline_auto" id="style-css-av-2h70ri-94e07ecd6b1d9e469c8fda03b3d1e936">
.avia-image-container.av-2h70ri-94e07ecd6b1d9e469c8fda03b3d1e936 img.avia_image{
box-shadow:none;
}
.avia-image-container.av-2h70ri-94e07ecd6b1d9e469c8fda03b3d1e936 .av-image-caption-overlay-center{
color:#ffffff;
}
</style>
<div  class='avia-image-container av-2h70ri-94e07ecd6b1d9e469c8fda03b3d1e936 av-styling- avia-align-center  avia-builder-el-1  el_before_av_hr  avia-builder-el-first '   itemprop="image" itemscope="itemscope" itemtype="https://schema.org/ImageObject" ><div class="avia-image-container-inner"><div class="avia-image-overlay-wrap"><img decoding="async" fetchpriority="high" class='wp-image-17723 avia-img-lazy-loading-not-17723 avia_image ' src="https://dackel.ch/wp-content/uploads/2024/01/SDC_LOGO_23_web_rahmen-300x300.png" alt='' title='SDC_LOGO_23_web_rahmen'  height="300" width="300"  itemprop="thumbnailUrl" srcset="https://dackel.ch/wp-content/uploads/2024/01/SDC_LOGO_23_web_rahmen-300x300.png 300w, https://dackel.ch/wp-content/uploads/2024/01/SDC_LOGO_23_web_rahmen-1030x1030.png 1030w, https://dackel.ch/wp-content/uploads/2024/01/SDC_LOGO_23_web_rahmen-80x80.png 80w, https://dackel.ch/wp-content/uploads/2024/01/SDC_LOGO_23_web_rahmen-768x768.png 768w, https://dackel.ch/wp-content/uploads/2024/01/SDC_LOGO_23_web_rahmen-1536x1536.png 1536w, https://dackel.ch/wp-content/uploads/2024/01/SDC_LOGO_23_web_rahmen-2048x2048.png 2048w, https://dackel.ch/wp-content/uploads/2024/01/SDC_LOGO_23_web_rahmen-36x36.png 36w, https://dackel.ch/wp-content/uploads/2024/01/SDC_LOGO_23_web_rahmen-180x180.png 180w, https://dackel.ch/wp-content/uploads/2024/01/SDC_LOGO_23_web_rahmen-1500x1500.png 1500w, https://dackel.ch/wp-content/uploads/2024/01/SDC_LOGO_23_web_rahmen-705x705.png 705w" sizes="(max-width: 300px) 100vw, 300px" /></div></div></div><br />
<div  class='hr av-2amdh2-eddba031c373bb818c614409274e76d0 hr-default  avia-builder-el-2  el_after_av_image  el_before_av_textblock '><span class='hr-inner '><span class="hr-inner-style"></span></span></div><br />
<section  class='av_textblock_section av-20bkpi-b86781999435cf5976eead1b11c0410e '   itemscope="itemscope" itemtype="https://schema.org/CreativeWork" ><div class='avia_textblock'  itemprop="text" ><p>Bonjour, cher ami(e) des teckels.</p>
<p>Permettez-nous de nous présenter brièvement.</p>
<hr>
<p><strong>Comité</strong></p>
<div class="tmm  tmm_3-ortsgruppe-bern-und-umgebung tmm-floating-pic"><div class="tmm_2_columns tmm_wrap "><span class="tmm_two_containers_tablet"></span><div class="tmm_container"><div class="tmm_member " style="border-top:#aaaaaa solid 5px;"><div class=" tmm_photo tmm_phover_3-ortsgruppe-bern-und-umgebung_0" style="background: url(https://dackel.ch/wp-content/uploads/2015/11/be_vorstand_christine.jpg); margin-left: auto; margin-right:auto; background-size:cover !important;"></div><div class="tmm_textblock"><div class="tmm_names"><span class="tmm_fname">Christine</span> <span class="tmm_lname">Blatter</span></div><div class="tmm_job">Präsidentin und Aktuarin</div><div class="tmm_desc" style="text-align:center">Hauptstr. 12<br>
3805 Goldswil<br>
Mobile 079 687 18 87</div><div class="tmm_scblock">
                                                        <a class="tmm_sociallink" href="mailto:christine.blatter@dackel.ch" title="E-Mail"><img decoding="async" alt="E-Mail" src="https://dackel.ch/wp-content/plugins/team-members-pro/img/links/email.png"/></a></div></div></div><div class="tmm_member " style="border-top:#aaaaaa solid 5px;"><div class=" tmm_photo tmm_phover_3-ortsgruppe-bern-und-umgebung_1" style="background: url(https://dackel.ch/wp-content/uploads/2023/05/Brigitta2.jpg); margin-left: auto; margin-right:auto; background-size:cover !important;"></div><div class="tmm_textblock"><div class="tmm_names"><span class="tmm_fname">Brigitta</span> <span class="tmm_lname">Prinz</span></div><div class="tmm_job">Kassierin</div><div class="tmm_desc" style="text-align:center">Lauperswilstr. 14<br>
3436 Zollbrück<br>
Mobile Telefon 079 381 65 80</div><div class="tmm_scblock">
                                                        <a class="tmm_sociallink" href="mailto:brigitta.prinz@dackel.ch" title="E-Mail"><img decoding="async" alt="E-Mail" src="https://dackel.ch/wp-content/plugins/team-members-pro/img/links/email.png"/></a></div></div></div><span class="tmm_two_containers_tablet"></span></div><span class="tmm_columns_containers_desktop"></span><div class="tmm_container"><div class="tmm_member " style="border-top:#aaaaaa solid 5px;"><div class=" tmm_photo tmm_phover_3-ortsgruppe-bern-und-umgebung_2" style="background: url(https://dackel.ch/wp-content/uploads/2015/11/be_vorstand_margret.jpg); margin-left: auto; margin-right:auto; background-size:cover !important;"></div><div class="tmm_textblock"><div class="tmm_names"><span class="tmm_fname">Margret</span> <span class="tmm_lname">Siegenthaler</span></div><div class="tmm_job">Protokoll</div><div class="tmm_desc" style="text-align:center">Thanstr. 12<br>
3436 Zollbrück<br>
Telefon 034 496 71 21<br>
Mobile 079 239 73 16</div><div class="tmm_scblock">
                                                        <a class="tmm_sociallink" href="mailto:margret.siegenthaler@dackel.ch" title="E-Mail"><img decoding="async" alt="E-Mail" src="https://dackel.ch/wp-content/plugins/team-members-pro/img/links/email.png"/></a></div></div></div><div class="tmm_member " style="border-top:#aaaaaa solid 5px;"><div class=" tmm_photo tmm_phover_3-ortsgruppe-bern-und-umgebung_3" style="background: url(https://dackel.ch/wp-content/uploads/2018/04/rechner.jpg); margin-left: auto; margin-right:auto; background-size:cover !important;"></div><div class="tmm_textblock"><div class="tmm_names"><span class="tmm_fname">Beatrix</span> <span class="tmm_lname">Rechner</span></div><div class="tmm_job">Beisitzerin</div><div class="tmm_desc" style="text-align:center">Schachen 8<br>
3401 Burgdorf<br>
Telefon 034 422 21 14<br>
Mobile 079 208 28 22<br></div><div class="tmm_scblock">
                                                        <a class="tmm_sociallink" href="mailto:beatrix.rechner@dackel.ch" title="E-Mail"><img decoding="async" alt="E-Mail" src="https://dackel.ch/wp-content/plugins/team-members-pro/img/links/email.png"/></a></div></div></div><div style="clear:both;"></div></div></div></div>
<hr>
</div></section></p></div>

<style type="text/css" data-created_by="avia_inline_auto" id="style-css-av-1upoym-3637331fd970d45b4b33c23594613b70">
.flex_column.av-1upoym-3637331fd970d45b4b33c23594613b70{
border-radius:0px 0px 0px 0px;
padding:0px 0px 0px 0px;
}
</style>
<div  class='flex_column av-1upoym-3637331fd970d45b4b33c23594613b70 av_two_fifth flex_column_div av-zero-column-padding  '     ><p><section  class='av_textblock_section av-1qwlry-3820905d06757abfd9fbc90fa30e1928 '   itemscope="itemscope" itemtype="https://schema.org/CreativeWork" ><div class='avia_textblock'  itemprop="text" ><p><strong>Programme</strong></p>
<h3></h3>
</div></section><br />
<div  class='hr av-178f6e-b7549f23a91704f9c1c23a2a7908327a hr-default'><span class='hr-inner '><span class="hr-inner-style"></span></span></div><br />
<div  class='avia-button-wrap avia-button-center '>
<style type="text/css" data-created_by="avia_inline_auto" id="style-css-av-lbmnpb3s-2e129d6828acacb1720296321bf895be">
#top #wrap_all .avia-button.av-lbmnpb3s-2e129d6828acacb1720296321bf895be:hover{
background-color:silver;
color:white;
transition:all 0.4s ease-in-out;
}
#top #wrap_all .avia-button.av-lbmnpb3s-2e129d6828acacb1720296321bf895be:hover .avia-svg-icon svg:first-child{
fill:white;
stroke:white;
}
</style>
<a href='https://dackel.ch/wp-content/uploads/2026/02/Jahresprogramm-2026.pdf' class='avia-color-theme-color avia-font-color-theme-color avia-button avia-button-fullwidth av-lbmnpb3s-2e129d6828acacb1720296321bf895be avia-icon_select-no avia-color-theme-color'  target="_blank"  rel="noopener noreferrer"  aria-label="Programme annuel 2026"><span class='avia_iconbox_title' >Programme annuel 2026</span></a></div><br />
<div  class='hr av-92qnq-35e02cba28c8fcd791d4e3e4d2c41d0b hr-default'><span class='hr-inner '><span class="hr-inner-style"></span></span></div><br />
<section  class='av_textblock_section av-q49um-55806762d8e4effd5d7a1c1dd78fb830 '   itemscope="itemscope" itemtype="https://schema.org/CreativeWork" ><div class='avia_textblock'  itemprop="text" ><p><strong><a href="http://www.dackel-bern.ch">Site internet du GR de Berne et environs</a></strong></p>
<p><a href="https://dackel-bern.ch" target="_blank" rel="noopener"><img loading="lazy" decoding="async" class="alignnone wp-image-7012 size-portfolio" src="https://dackel.ch/wp-content/uploads/2021/04/webbe-495x400.png" alt="" width="495" height="400" srcset="https://dackel.ch/wp-content/uploads/2021/04/webbe-495x400.png 495w, https://dackel.ch/wp-content/uploads/2021/04/webbe-845x684.png 845w" sizes="auto, (max-width: 495px) 100vw, 495px" /></a></p>
</div></section><br />
<div  class='hr av-kclrq-c34a98fd8197417b1d20cdc03af20d06 hr-default'><span class='hr-inner '><span class="hr-inner-style"></span></span></div><br />
<section  class='av_textblock_section av-clywm-cdca58e6c40ca04cd3870031f3075ac8 '   itemscope="itemscope" itemtype="https://schema.org/CreativeWork" ><div class='avia_textblock'  itemprop="text" ><p><strong>Infos | Liens | Téléchargements</strong></p>
<p><strong>Zone d’activité</strong></p>
<p>Canton de Berne, Soleure, parties d’Argovie et de Lucerne, Fribourg alémanique</p>
<p><strong>Cours</strong><br />
Cours d’éducation et entraînement au pistage dans la région de Berne. Préparation aux examens de chien de compagnie. Mais même sans intention de passer un examen, tu es le/la bienvenu(e) à nos entraînements&nbsp;!  </p>
<p><strong>Manifestations</strong><br />
Lors de diverses manifestations, nous cultivons la camaraderie et l’échange d’idées entre les membres, tout en alliant l’utile à l’agréable. La nourriture et les boissons sont indispensables. Pour les membres qui ne sont pas très mobiles, nous avons toujours un point de rencontre facilement accessible en voiture.</p>
</div></section><br />
<div  class='hr av-aswba-9ba3c79c457001ad1cc3877a2822241d hr-default'><span class='hr-inner '><span class="hr-inner-style"></span></span></div></p></div>
