{"id":17728,"date":"2015-11-23T16:17:45","date_gmt":"2015-11-23T16:17:45","guid":{"rendered":"https:\/\/dackel.ch\/notre-club\/groupes-regionaux\/groupe-regional-des-grisons-tessin\/"},"modified":"2026-02-18T12:04:48","modified_gmt":"2026-02-18T12:04:48","slug":"groupe-regional-des-grisons-tessin","status":"publish","type":"page","link":"https:\/\/dackel.ch\/fr\/notre-club\/groupes-regionaux\/groupe-regional-des-grisons-tessin\/","title":{"rendered":"Groupe r\u00e9gional des Grisons\/Tessin"},"content":{"rendered":"\n<style type=\"text\/css\" data-created_by=\"avia_inline_auto\" id=\"style-css-av-2g11yq-9b75020bc265ad3881e42fb9ca4bf318\">\n.flex_column.av-2g11yq-9b75020bc265ad3881e42fb9ca4bf318{\nborder-radius:0px 0px 0px 0px;\npadding:0px 0px 0px 0px;\n}\n<\/style>\n<div  class='flex_column av-2g11yq-9b75020bc265ad3881e42fb9ca4bf318 av_three_fifth  avia-builder-el-0  el_before_av_two_fifth  avia-builder-el-first  first flex_column_div av-zero-column-padding  '     ><p>\n<style type=\"text\/css\" data-created_by=\"avia_inline_auto\" id=\"style-css-av-26e1oi-0133aa0b48451560813e2904971c595f\">\n.avia-image-container.av-26e1oi-0133aa0b48451560813e2904971c595f img.avia_image{\nbox-shadow:none;\n}\n.avia-image-container.av-26e1oi-0133aa0b48451560813e2904971c595f .av-image-caption-overlay-center{\ncolor:#ffffff;\n}\n<\/style>\n<div  class='avia-image-container av-26e1oi-0133aa0b48451560813e2904971c595f av-styling- avia-align-center  avia-builder-el-1  el_before_av_hr  avia-builder-el-first '   itemprop=\"image\" itemscope=\"itemscope\" itemtype=\"https:\/\/schema.org\/ImageObject\" ><div class=\"avia-image-container-inner\"><div class=\"avia-image-overlay-wrap\"><img decoding=\"async\" fetchpriority=\"high\" class='wp-image-17732 avia-img-lazy-loading-not-17732 avia_image ' src=\"https:\/\/dackel.ch\/wp-content\/uploads\/2021\/04\/Logo-GR-TI-2021-300x234.jpg\" alt='' title='GRTI05'  height=\"234\" width=\"300\"  itemprop=\"thumbnailUrl\"  \/><\/div><\/div><\/div><br \/>\n<div  class='hr av-20nas2-38ea19fec3059d642bbbee36da408cb8 hr-default  avia-builder-el-2  el_after_av_image  el_before_av_textblock '><span class='hr-inner '><span class=\"hr-inner-style\"><\/span><\/span><\/div><br \/>\n<section  class='av_textblock_section av-1v0snm-173b478bfead59af914cb33635cc626d '   itemscope=\"itemscope\" itemtype=\"https:\/\/schema.org\/CreativeWork\" ><div class='avia_textblock'  itemprop=\"text\" ><p>Notre section locale GR\/TI existe depuis le 14 janvier 1995 et a \u00e9t\u00e9 fond\u00e9e \u00e0 Thusis. Les initiateurs \u00e9taient Maya von Allmen, K\u00e4thi Keller et Hans Liechti. Notre section locale, relativement jeune et petite, offre \u00e0 nos membres une bonne communication entre eux et des activit\u00e9s pour le chien et l&#8217;homme tout au long de l&#8217;ann\u00e9e.  <\/p>\n<p>Nous effectuons divers exercices et tests de chasse avec nos chiens de chasse. <\/p>\n<p>Outre le chien de chasse et d&#8217;utilit\u00e9, notre club comprend \u00e9galement le chien de compagnie et de famille. Qu&#8217;il s&#8217;agisse d&#8217;un teckel \u00e0 poil dur, \u00e0 poil court ou \u00e0 poil long, chaque teckel nous tient autant \u00e0 c\u0153ur. La diversit\u00e9 de nos activit\u00e9s s&#8217;est accrue au fil des ans, tout comme nos connaissances sp\u00e9cialis\u00e9es concernant les teckels et le travail avec les chiens. Du cours de chien de compagnie avec examen de chien de compagnie, au ring d&#8217;entra\u00eenement pour les expositions de beaut\u00e9, en passant par l&#8217;\u00e9valuation de la conformation, le test de caract\u00e8re, l&#8217;exposition de jeunes chiens, les randonn\u00e9es et les journ\u00e9es de rencontre, chacun trouvera son bonheur chaque ann\u00e9e.   <\/p>\n<p>L&#8217;objectif de notre section locale est d&#8217;apprendre les uns des autres, de nouer des contacts et de cr\u00e9er des amiti\u00e9s pour le bien et la joie de nos teckels. Nous serions heureux de vous accueillir dans notre cercle et esp\u00e9rons que vous vous sentirez \u00e0 l&#8217;aise dans notre section locale. Si vous avez d&#8217;autres questions, n&#8217;h\u00e9sitez pas \u00e0 nous contacter. \u00c9crivez-nous !   <\/p>\n<hr>\n<p><strong>Comit\u00e9<\/strong><\/p>\n<div class=\"tmm  tmm_ortsgruppe-graubuendenticino tmm-floating-pic\"><div class=\"tmm_2_columns tmm_wrap \"><span class=\"tmm_two_containers_tablet\"><\/span><div class=\"tmm_container\"><div class=\"tmm_member \" style=\"border-top:#aaaaaa solid 5px;\"><div class=\"tmm_textblock\"><div class=\"tmm_names\"><span class=\"tmm_fname\">Yves Ren\u00e9<\/span> <span class=\"tmm_lname\">Lauber<\/span><\/div><div class=\"tmm_job\">Pr\u00e4sident<\/div><div class=\"tmm_desc\" style=\"text-align:center\">Via San Gian 48<br>\r\n7500 St. Moritz<br>\r\nTelefon 081 589 67 70<\/div><div class=\"tmm_scblock\">\n                                                        <a class=\"tmm_sociallink\" href=\"mailto:yves.lauber@dackel.ch\" title=\"E-Mail\"><img decoding=\"async\" alt=\"E-Mail\" src=\"https:\/\/dackel.ch\/wp-content\/plugins\/team-members-pro\/img\/links\/email.png\"\/><\/a><\/div><\/div><\/div><div class=\"tmm_member \" style=\"border-top:#aaaaaa solid 5px;\"><div class=\"tmm_textblock\"><div class=\"tmm_names\"><span class=\"tmm_fname\">Sylvia<\/span> <span class=\"tmm_lname\">Gianfelice<\/span><\/div><div class=\"tmm_job\">Kassierin<\/div><div class=\"tmm_desc\" style=\"text-align:center\">Afuris 1B<br>\r\n7015 Tamins<br>\r\nTelefon 079 610 23 27<\/div><div class=\"tmm_scblock\">\n                                                        <a class=\"tmm_sociallink\" href=\"mailto:sylvia.gianfelice@dackel.ch\" title=\"E-Mail\"><img decoding=\"async\" alt=\"E-Mail\" src=\"https:\/\/dackel.ch\/wp-content\/plugins\/team-members-pro\/img\/links\/email.png\"\/><\/a><\/div><\/div><\/div><span class=\"tmm_two_containers_tablet\"><\/span><\/div><span class=\"tmm_columns_containers_desktop\"><\/span><div class=\"tmm_container\"><div class=\"tmm_member \" style=\"border-top:#aaaaaa solid 5px;\"><div class=\"tmm_textblock\"><div class=\"tmm_names\"><span class=\"tmm_fname\">Claudia<\/span> <span class=\"tmm_lname\">Lauener<\/span><\/div><div class=\"tmm_job\">Sekret\u00e4rin<\/div><div class=\"tmm_desc\" style=\"text-align:center\">Schartenfelsstrasse 29<br>\r\n5400 Baden<br>\r\nMobile 079 402 90 43<\/div><div class=\"tmm_scblock\">\n                                                        <a class=\"tmm_sociallink\" href=\"mailto:claudia.lauener@dackel.ch\" title=\"E-Mail\"><img decoding=\"async\" alt=\"E-Mail\" src=\"https:\/\/dackel.ch\/wp-content\/plugins\/team-members-pro\/img\/links\/email.png\"\/><\/a><\/div><\/div><\/div><div style=\"clear:both;\"><\/div><\/div><\/div><\/div>\n<\/div><\/section><\/p><\/div>\n\n<style type=\"text\/css\" data-created_by=\"avia_inline_auto\" id=\"style-css-av-1s6oqa-9845946bf63959f29876c450b1d7889b\">\n.flex_column.av-1s6oqa-9845946bf63959f29876c450b1d7889b{\nborder-radius:0px 0px 0px 0px;\npadding:0px 0px 0px 0px;\n}\n<\/style>\n<div  class='flex_column av-1s6oqa-9845946bf63959f29876c450b1d7889b av_two_fifth flex_column_div av-zero-column-padding  '     ><p><section  class='av_textblock_section av-1ifssa-ffa429a2d53625864fa9f66b01e39341 '   itemscope=\"itemscope\" itemtype=\"https:\/\/schema.org\/CreativeWork\" ><div class='avia_textblock'  itemprop=\"text\" ><p><strong>Programme<\/strong><\/p>\n<h3><\/h3>\n<\/div><\/section><br \/>\n<div  class='hr av-406wi-b5307f48891e49402480ee1921934eeb hr-default'><span class='hr-inner '><span class=\"hr-inner-style\"><\/span><\/span><\/div><br \/>\n<div  class='avia-button-wrap avia-button-center '>\n<style type=\"text\/css\" data-created_by=\"avia_inline_auto\" id=\"style-css-av-lbmnurda-28e1315363b9d23d5f1c88cca77c8c65\">\n#top #wrap_all .avia-button.av-lbmnurda-28e1315363b9d23d5f1c88cca77c8c65:hover{\nbackground-color:silver;\ncolor:white;\ntransition:all 0.4s ease-in-out;\n}\n#top #wrap_all .avia-button.av-lbmnurda-28e1315363b9d23d5f1c88cca77c8c65:hover .avia-svg-icon svg:first-child{\nfill:white;\nstroke:white;\n}\n<\/style>\n<a href='https:\/\/dackel.ch\/wp-content\/uploads\/2026\/02\/j_prog_gr.ti_def-2026-1.pdf' class='avia-color-theme-color avia-font-color-theme-color avia-button avia-button-fullwidth av-lbmnurda-28e1315363b9d23d5f1c88cca77c8c65 avia-icon_select-no avia-color-theme-color'  target=\"_blank\"  rel=\"noopener noreferrer\"  aria-label=\"Programme annuel 2026\"><span class='avia_iconbox_title' >Programme annuel 2026<\/span><\/a><\/div><br \/>\n<div  class='hr av-r4kya-01930774abb6b25ffec8745c6eae8f9f hr-default'><span class='hr-inner '><span class=\"hr-inner-style\"><\/span><\/span><\/div><br \/>\n<section  class='av_textblock_section av-6nxnu-95bc3e890c1b5b9e72ce755a7f5e87e3 '   itemscope=\"itemscope\" itemtype=\"https:\/\/schema.org\/CreativeWork\" ><div class='avia_textblock'  itemprop=\"text\" ><p><a href=\"http:\/\/www.dackel-grti.ch\" target=\"_blank\" rel=\"noopener\"><strong>Site internet de l&#8217;OG Graub\u00fcnden\/Ticino<\/strong><\/a><\/p>\n<p><a href=\"http:\/\/www.dackel-grti.ch\" target=\"_blank\" rel=\"noopener\"><img loading=\"lazy\" decoding=\"async\" class=\"alignnone wp-image-8365 size-medium\" src=\"https:\/\/dackel.ch\/wp-content\/uploads\/2022\/01\/og-grti-300x290.jpg\" alt=\"\" width=\"300\" height=\"290\" srcset=\"https:\/\/dackel.ch\/wp-content\/uploads\/2022\/01\/og-grti-300x290.jpg 300w, https:\/\/dackel.ch\/wp-content\/uploads\/2022\/01\/og-grti-36x36.jpg 36w, https:\/\/dackel.ch\/wp-content\/uploads\/2022\/01\/og-grti.jpg 564w\" sizes=\"auto, (max-width: 300px) 100vw, 300px\" \/><\/a><\/p>\n<\/div><\/section><br \/>\n<div  class='hr av-cpqpm-2-1fc9e88350ab6d78d3467067ad150ecf hr-default'><span class='hr-inner '><span class=\"hr-inner-style\"><\/span><\/span><\/div><br \/>\n<section  class='av_textblock_section av-6nxnu-1-521d695d32a7a8f2e6cc38fbbc1d78df '   itemscope=\"itemscope\" itemtype=\"https:\/\/schema.org\/CreativeWork\" ><div class='avia_textblock'  itemprop=\"text\" ><p><strong>Infos | Liens | T\u00e9l\u00e9chargements<\/strong><\/p>\n<\/div><\/section><\/p><\/div>\n","protected":false},"excerpt":{"rendered":"","protected":false},"author":1,"featured_media":0,"parent":17496,"menu_order":0,"comment_status":"closed","ping_status":"closed","template":"","meta":{"ngg_post_thumbnail":0,"footnotes":""},"class_list":["post-17728","page","type-page","status-publish","hentry"],"_links":{"self":[{"href":"https:\/\/dackel.ch\/fr\/wp-json\/wp\/v2\/pages\/17728","targetHints":{"allow":["GET"]}}],"collection":[{"href":"https:\/\/dackel.ch\/fr\/wp-json\/wp\/v2\/pages"}],"about":[{"href":"https:\/\/dackel.ch\/fr\/wp-json\/wp\/v2\/types\/page"}],"author":[{"embeddable":true,"href":"https:\/\/dackel.ch\/fr\/wp-json\/wp\/v2\/users\/1"}],"replies":[{"embeddable":true,"href":"https:\/\/dackel.ch\/fr\/wp-json\/wp\/v2\/comments?post=17728"}],"version-history":[{"count":14,"href":"https:\/\/dackel.ch\/fr\/wp-json\/wp\/v2\/pages\/17728\/revisions"}],"predecessor-version":[{"id":19487,"href":"https:\/\/dackel.ch\/fr\/wp-json\/wp\/v2\/pages\/17728\/revisions\/19487"}],"up":[{"embeddable":true,"href":"https:\/\/dackel.ch\/fr\/wp-json\/wp\/v2\/pages\/17496"}],"wp:attachment":[{"href":"https:\/\/dackel.ch\/fr\/wp-json\/wp\/v2\/media?parent=17728"}],"curies":[{"name":"wp","href":"https:\/\/api.w.org\/{rel}","templated":true}]}}

Groupe régional des Grisons/Tessin

<style type="text/css" data-created_by="avia_inline_auto" id="style-css-av-2g11yq-9b75020bc265ad3881e42fb9ca4bf318">
.flex_column.av-2g11yq-9b75020bc265ad3881e42fb9ca4bf318{
border-radius:0px 0px 0px 0px;
padding:0px 0px 0px 0px;
}
</style>
<div  class='flex_column av-2g11yq-9b75020bc265ad3881e42fb9ca4bf318 av_three_fifth  avia-builder-el-0  el_before_av_two_fifth  avia-builder-el-first  first flex_column_div av-zero-column-padding  '     ><p>
<style type="text/css" data-created_by="avia_inline_auto" id="style-css-av-26e1oi-0133aa0b48451560813e2904971c595f">
.avia-image-container.av-26e1oi-0133aa0b48451560813e2904971c595f img.avia_image{
box-shadow:none;
}
.avia-image-container.av-26e1oi-0133aa0b48451560813e2904971c595f .av-image-caption-overlay-center{
color:#ffffff;
}
</style>
<div  class='avia-image-container av-26e1oi-0133aa0b48451560813e2904971c595f av-styling- avia-align-center  avia-builder-el-1  el_before_av_hr  avia-builder-el-first '   itemprop="image" itemscope="itemscope" itemtype="https://schema.org/ImageObject" ><div class="avia-image-container-inner"><div class="avia-image-overlay-wrap"><img decoding="async" fetchpriority="high" class='wp-image-17732 avia-img-lazy-loading-not-17732 avia_image ' src="https://dackel.ch/wp-content/uploads/2021/04/Logo-GR-TI-2021-300x234.jpg" alt='' title='GRTI05'  height="234" width="300"  itemprop="thumbnailUrl"  /></div></div></div><br />
<div  class='hr av-20nas2-38ea19fec3059d642bbbee36da408cb8 hr-default  avia-builder-el-2  el_after_av_image  el_before_av_textblock '><span class='hr-inner '><span class="hr-inner-style"></span></span></div><br />
<section  class='av_textblock_section av-1v0snm-173b478bfead59af914cb33635cc626d '   itemscope="itemscope" itemtype="https://schema.org/CreativeWork" ><div class='avia_textblock'  itemprop="text" ><p>Notre section locale GR/TI existe depuis le 14 janvier 1995 et a été fondée à Thusis. Les initiateurs étaient Maya von Allmen, Käthi Keller et Hans Liechti. Notre section locale, relativement jeune et petite, offre à nos membres une bonne communication entre eux et des activités pour le chien et l&#8217;homme tout au long de l&#8217;année.  </p>
<p>Nous effectuons divers exercices et tests de chasse avec nos chiens de chasse. </p>
<p>Outre le chien de chasse et d&#8217;utilité, notre club comprend également le chien de compagnie et de famille. Qu&#8217;il s&#8217;agisse d&#8217;un teckel à poil dur, à poil court ou à poil long, chaque teckel nous tient autant à cœur. La diversité de nos activités s&#8217;est accrue au fil des ans, tout comme nos connaissances spécialisées concernant les teckels et le travail avec les chiens. Du cours de chien de compagnie avec examen de chien de compagnie, au ring d&#8217;entraînement pour les expositions de beauté, en passant par l&#8217;évaluation de la conformation, le test de caractère, l&#8217;exposition de jeunes chiens, les randonnées et les journées de rencontre, chacun trouvera son bonheur chaque année.   </p>
<p>L&#8217;objectif de notre section locale est d&#8217;apprendre les uns des autres, de nouer des contacts et de créer des amitiés pour le bien et la joie de nos teckels. Nous serions heureux de vous accueillir dans notre cercle et espérons que vous vous sentirez à l&#8217;aise dans notre section locale. Si vous avez d&#8217;autres questions, n&#8217;hésitez pas à nous contacter. Écrivez-nous !   </p>
<hr>
<p><strong>Comité</strong></p>
<div class="tmm  tmm_ortsgruppe-graubuendenticino tmm-floating-pic"><div class="tmm_2_columns tmm_wrap "><span class="tmm_two_containers_tablet"></span><div class="tmm_container"><div class="tmm_member " style="border-top:#aaaaaa solid 5px;"><div class="tmm_textblock"><div class="tmm_names"><span class="tmm_fname">Yves René</span> <span class="tmm_lname">Lauber</span></div><div class="tmm_job">Präsident</div><div class="tmm_desc" style="text-align:center">Via San Gian 48<br>
7500 St. Moritz<br>
Telefon 081 589 67 70</div><div class="tmm_scblock">
                                                        <a class="tmm_sociallink" href="mailto:yves.lauber@dackel.ch" title="E-Mail"><img decoding="async" alt="E-Mail" src="https://dackel.ch/wp-content/plugins/team-members-pro/img/links/email.png"/></a></div></div></div><div class="tmm_member " style="border-top:#aaaaaa solid 5px;"><div class="tmm_textblock"><div class="tmm_names"><span class="tmm_fname">Sylvia</span> <span class="tmm_lname">Gianfelice</span></div><div class="tmm_job">Kassierin</div><div class="tmm_desc" style="text-align:center">Afuris 1B<br>
7015 Tamins<br>
Telefon 079 610 23 27</div><div class="tmm_scblock">
                                                        <a class="tmm_sociallink" href="mailto:sylvia.gianfelice@dackel.ch" title="E-Mail"><img decoding="async" alt="E-Mail" src="https://dackel.ch/wp-content/plugins/team-members-pro/img/links/email.png"/></a></div></div></div><span class="tmm_two_containers_tablet"></span></div><span class="tmm_columns_containers_desktop"></span><div class="tmm_container"><div class="tmm_member " style="border-top:#aaaaaa solid 5px;"><div class="tmm_textblock"><div class="tmm_names"><span class="tmm_fname">Claudia</span> <span class="tmm_lname">Lauener</span></div><div class="tmm_job">Sekretärin</div><div class="tmm_desc" style="text-align:center">Schartenfelsstrasse 29<br>
5400 Baden<br>
Mobile 079 402 90 43</div><div class="tmm_scblock">
                                                        <a class="tmm_sociallink" href="mailto:claudia.lauener@dackel.ch" title="E-Mail"><img decoding="async" alt="E-Mail" src="https://dackel.ch/wp-content/plugins/team-members-pro/img/links/email.png"/></a></div></div></div><div style="clear:both;"></div></div></div></div>
</div></section></p></div>

<style type="text/css" data-created_by="avia_inline_auto" id="style-css-av-1s6oqa-9845946bf63959f29876c450b1d7889b">
.flex_column.av-1s6oqa-9845946bf63959f29876c450b1d7889b{
border-radius:0px 0px 0px 0px;
padding:0px 0px 0px 0px;
}
</style>
<div  class='flex_column av-1s6oqa-9845946bf63959f29876c450b1d7889b av_two_fifth flex_column_div av-zero-column-padding  '     ><p><section  class='av_textblock_section av-1ifssa-ffa429a2d53625864fa9f66b01e39341 '   itemscope="itemscope" itemtype="https://schema.org/CreativeWork" ><div class='avia_textblock'  itemprop="text" ><p><strong>Programme</strong></p>
<h3></h3>
</div></section><br />
<div  class='hr av-406wi-b5307f48891e49402480ee1921934eeb hr-default'><span class='hr-inner '><span class="hr-inner-style"></span></span></div><br />
<div  class='avia-button-wrap avia-button-center '>
<style type="text/css" data-created_by="avia_inline_auto" id="style-css-av-lbmnurda-28e1315363b9d23d5f1c88cca77c8c65">
#top #wrap_all .avia-button.av-lbmnurda-28e1315363b9d23d5f1c88cca77c8c65:hover{
background-color:silver;
color:white;
transition:all 0.4s ease-in-out;
}
#top #wrap_all .avia-button.av-lbmnurda-28e1315363b9d23d5f1c88cca77c8c65:hover .avia-svg-icon svg:first-child{
fill:white;
stroke:white;
}
</style>
<a href='https://dackel.ch/wp-content/uploads/2026/02/j_prog_gr.ti_def-2026-1.pdf' class='avia-color-theme-color avia-font-color-theme-color avia-button avia-button-fullwidth av-lbmnurda-28e1315363b9d23d5f1c88cca77c8c65 avia-icon_select-no avia-color-theme-color'  target="_blank"  rel="noopener noreferrer"  aria-label="Programme annuel 2026"><span class='avia_iconbox_title' >Programme annuel 2026</span></a></div><br />
<div  class='hr av-r4kya-01930774abb6b25ffec8745c6eae8f9f hr-default'><span class='hr-inner '><span class="hr-inner-style"></span></span></div><br />
<section  class='av_textblock_section av-6nxnu-95bc3e890c1b5b9e72ce755a7f5e87e3 '   itemscope="itemscope" itemtype="https://schema.org/CreativeWork" ><div class='avia_textblock'  itemprop="text" ><p><a href="http://www.dackel-grti.ch" target="_blank" rel="noopener"><strong>Site internet de l&#8217;OG Graubünden/Ticino</strong></a></p>
<p><a href="http://www.dackel-grti.ch" target="_blank" rel="noopener"><img loading="lazy" decoding="async" class="alignnone wp-image-8365 size-medium" src="https://dackel.ch/wp-content/uploads/2022/01/og-grti-300x290.jpg" alt="" width="300" height="290" srcset="https://dackel.ch/wp-content/uploads/2022/01/og-grti-300x290.jpg 300w, https://dackel.ch/wp-content/uploads/2022/01/og-grti-36x36.jpg 36w, https://dackel.ch/wp-content/uploads/2022/01/og-grti.jpg 564w" sizes="auto, (max-width: 300px) 100vw, 300px" /></a></p>
</div></section><br />
<div  class='hr av-cpqpm-2-1fc9e88350ab6d78d3467067ad150ecf hr-default'><span class='hr-inner '><span class="hr-inner-style"></span></span></div><br />
<section  class='av_textblock_section av-6nxnu-1-521d695d32a7a8f2e6cc38fbbc1d78df '   itemscope="itemscope" itemtype="https://schema.org/CreativeWork" ><div class='avia_textblock'  itemprop="text" ><p><strong>Infos | Liens | Téléchargements</strong></p>
</div></section></p></div>
