{"id":17755,"date":"2015-11-23T16:17:29","date_gmt":"2015-11-23T16:17:29","guid":{"rendered":"https:\/\/dackel.ch\/notre-club\/groupes-regionaux\/groupe-regional-srt-sous-reserve-dacceptation-a-lag-du-sdc-en-2026\/"},"modified":"2026-03-25T15:13:01","modified_gmt":"2026-03-25T15:13:01","slug":"groupe-regional-srt-sous-reserve-dacceptation-a-lag-du-sdc-en-2026","status":"publish","type":"page","link":"https:\/\/dackel.ch\/fr\/notre-club\/groupes-regionaux\/groupe-regional-srt-sous-reserve-dacceptation-a-lag-du-sdc-en-2026\/","title":{"rendered":"Groupe r\u00e9gional SRT"},"content":{"rendered":"\n<style type=\"text\/css\" data-created_by=\"avia_inline_auto\" id=\"style-css-av-25zzi8-0354b343890a948c130295824ca0c744\">\n.flex_column.av-25zzi8-0354b343890a948c130295824ca0c744{\nborder-radius:0px 0px 0px 0px;\npadding:0px 0px 0px 0px;\n}\n<\/style>\n<div  class='flex_column av-25zzi8-0354b343890a948c130295824ca0c744 av_three_fifth  avia-builder-el-0  el_before_av_two_fifth  avia-builder-el-first  first flex_column_div av-zero-column-padding  '     ><p>\n<style type=\"text\/css\" data-created_by=\"avia_inline_auto\" id=\"style-css-av-23339s-d66e5cf9b5527a9305cd2242b13c0790\">\n.avia-image-container.av-23339s-d66e5cf9b5527a9305cd2242b13c0790 img.avia_image{\nbox-shadow:none;\n}\n.avia-image-container.av-23339s-d66e5cf9b5527a9305cd2242b13c0790 .av-image-caption-overlay-center{\ncolor:#ffffff;\n}\n<\/style>\n<div  class='avia-image-container av-23339s-d66e5cf9b5527a9305cd2242b13c0790 av-styling- av-img-linked avia-align-center  avia-builder-el-1  el_before_av_hr  avia-builder-el-first '   itemprop=\"image\" itemscope=\"itemscope\" itemtype=\"https:\/\/schema.org\/ImageObject\" ><div class=\"avia-image-container-inner\"><div class=\"avia-image-overlay-wrap\"><a href=\"https:\/\/sectionromandeduteckel.ch\/\" class='avia_image '  aria-label='Logo-SRT'><img decoding=\"async\" fetchpriority=\"high\" class='wp-image-17759 avia-img-lazy-loading-not-17759 avia_image ' src=\"https:\/\/dackel.ch\/wp-content\/uploads\/2025\/12\/Logo-SRT-300x227.jpg\" alt='' title='Logo-SRT'  height=\"227\" width=\"300\"  itemprop=\"thumbnailUrl\" srcset=\"https:\/\/dackel.ch\/wp-content\/uploads\/2025\/12\/Logo-SRT-300x227.jpg 300w, https:\/\/dackel.ch\/wp-content\/uploads\/2025\/12\/Logo-SRT-1030x780.jpg 1030w, https:\/\/dackel.ch\/wp-content\/uploads\/2025\/12\/Logo-SRT-768x582.jpg 768w, https:\/\/dackel.ch\/wp-content\/uploads\/2025\/12\/Logo-SRT-705x534.jpg 705w, https:\/\/dackel.ch\/wp-content\/uploads\/2025\/12\/Logo-SRT.jpg 1092w\" sizes=\"(max-width: 300px) 100vw, 300px\" \/><\/a><\/div><\/div><\/div><br \/>\n<div  class='hr av-enjts-ffa3603937b14f00a0d07200f229e5cb hr-default  avia-builder-el-2  el_after_av_image  el_before_av_textblock '><span class='hr-inner '><span class=\"hr-inner-style\"><\/span><\/span><\/div><br \/>\n<section  class='av_textblock_section av-67ytc-9431f266570232a3f65285c216d11613 '   itemscope=\"itemscope\" itemtype=\"https:\/\/schema.org\/CreativeWork\" ><div class='avia_textblock'  itemprop=\"text\" ><p><strong>Section Romande du Teckel<\/strong><\/p>\n<p>Le 10 ao\u00fbt 2025, le nouveau comit\u00e9 a tenu sa premi\u00e8re r\u00e9union pour remettre sur pied un groupe francophone, \u00e9tant donn\u00e9 que le GRAT a quitt\u00e9 le Club Suisse du Teckel il y a deux ans.<\/p>\n<p>Notre objectif est de briser la barri\u00e8re de la langue allemande en traduisant les textes du mieux possible que ce soit dans le magazine ou sur la page d&#8217;accueil du CST.<\/p>\n<p>Tous les teckels, qu&#8217;ils soient \u00e0 poil court- dur ou -long, kaninchen-nain ou standard en possession d&#8217;un pedigree FCI sont les bienvenus.<\/p>\n<p>Le but de notre section est d&#8217;apprendre les uns des autres, de nouer des contacts et de se faire des amis pour le bien-\u00eatre et le plaisir de nos teckels. Nous serions ravis de vous accueillir dans notre Section Romande du Teckel <\/p>\n<p>Pour toute question, n&#8217;h\u00e9site pas \u00e0 nous contacter par courriel.<\/p>\n<\/div><\/section><br \/>\n<div  class='hr av-1xkj4g-561b9afd1df18e96c12ade9ccc36e905 hr-default  avia-builder-el-4  el_after_av_textblock  el_before_av_textblock '><span class='hr-inner '><span class=\"hr-inner-style\"><\/span><\/span><\/div><br \/>\n<section  class='av_textblock_section av-9g2lk-f017acabc6707e03e65a079db71e3448 '   itemscope=\"itemscope\" itemtype=\"https:\/\/schema.org\/CreativeWork\" ><div class='avia_textblock'  itemprop=\"text\" ><p><strong>Comit\u00e9<\/strong><\/p>\n<div class=\"tmm  tmm_4-ortsgruppe-grat tmm-floating-pic\"><div class=\"tmm_2_columns tmm_wrap \"><span class=\"tmm_two_containers_tablet\"><\/span><div class=\"tmm_container\"><div class=\"tmm_member \" style=\"border-top:#aaaaaa solid 5px;\"><div class=\" tmm_photo tmm_phover_4-ortsgruppe-grat_0\" style=\"background: url(https:\/\/dackel.ch\/wp-content\/uploads\/2025\/11\/Praesidentin.jpg); margin-left: auto; margin-right:auto; background-size:cover !important;\"><\/div><div class=\"tmm_textblock\"><div class=\"tmm_names\"><span class=\"tmm_fname\">Andreae<\/span> <span class=\"tmm_lname\">Gabriele<\/span><\/div><div class=\"tmm_job\">Pr\u00e9sidente\/Pr\u00e4sidentin<\/div><div class=\"tmm_desc\" style=\"text-align:center\">Route de Curtilles 2<br>\r\n1683 Chesalles (VD)<br>\r\nMobile 079 307 90 18\r\n<\/div><div class=\"tmm_scblock\">\n                                                        <a class=\"tmm_sociallink\" href=\"mailto:gabriele.andreae@dackel.ch\" title=\"E-Mail\"><img decoding=\"async\" alt=\"E-Mail\" src=\"https:\/\/dackel.ch\/wp-content\/plugins\/team-members-pro\/img\/links\/email.png\"\/><\/a><\/div><\/div><\/div><div class=\"tmm_member \" style=\"border-top:#aaaaaa solid 5px;\"><div class=\" tmm_photo tmm_phover_4-ortsgruppe-grat_1\" style=\"background: url(https:\/\/dackel.ch\/wp-content\/uploads\/2025\/11\/Kassierin.jpg); margin-left: auto; margin-right:auto; background-size:cover !important;\"><\/div><div class=\"tmm_textblock\"><div class=\"tmm_names\"><span class=\"tmm_fname\">Monique<\/span> <span class=\"tmm_lname\">Equey<\/span><\/div><div class=\"tmm_job\">Tr\u00e9sori\u00e8re\/Kassierin<\/div><div class=\"tmm_desc\" style=\"text-align:center\">Route d'Oron 165<br>\r\n1676 Chavannes-les-Forts (FR)<br>\r\nMobile 079 662 19 45<\/div><div class=\"tmm_scblock\">\n                                                        <a class=\"tmm_sociallink\" href=\"mailto:monique.equey@dackel.ch\" title=\"E-Mail\"><img decoding=\"async\" alt=\"E-Mail\" src=\"https:\/\/dackel.ch\/wp-content\/plugins\/team-members-pro\/img\/links\/email.png\"\/><\/a><\/div><\/div><\/div><span class=\"tmm_two_containers_tablet\"><\/span><\/div><span class=\"tmm_columns_containers_desktop\"><\/span><div class=\"tmm_container\"><div class=\"tmm_member \" style=\"border-top:#aaaaaa solid 5px;\"><div class=\" tmm_photo tmm_phover_4-ortsgruppe-grat_2\" style=\"background: url(https:\/\/dackel.ch\/wp-content\/uploads\/2025\/11\/Sekretaerin2.jpg); margin-left: auto; margin-right:auto; background-size:cover !important;\"><\/div><div class=\"tmm_textblock\"><div class=\"tmm_names\"><span class=\"tmm_fname\">Xenia<\/span> <span class=\"tmm_lname\">Riva<\/span><\/div><div class=\"tmm_job\">Secr\u00e9taire\/Sekret\u00e4rin<\/div><div class=\"tmm_desc\" style=\"text-align:center\">Chemin du Battoir 1<br>\r\n1043 Sugnens (VD)<br>\r\nMobile 079 310 34 70<\/div><div class=\"tmm_scblock\">\n                                                        <a class=\"tmm_sociallink\" href=\"mailto:xenia.riva@dackel.ch\" title=\"E-Mail\"><img decoding=\"async\" alt=\"E-Mail\" src=\"https:\/\/dackel.ch\/wp-content\/plugins\/team-members-pro\/img\/links\/email.png\"\/><\/a><\/div><\/div><\/div><div class=\"tmm_member \" style=\"border-top:#aaaaaa solid 5px;\"><div class=\" tmm_photo tmm_phover_4-ortsgruppe-grat_3\" style=\"background: url(https:\/\/dackel.ch\/wp-content\/uploads\/2025\/11\/Beisitzerin.jpg); margin-left: auto; margin-right:auto; background-size:cover !important;\"><\/div><div class=\"tmm_textblock\"><div class=\"tmm_names\"><span class=\"tmm_fname\">Val\u00e9rie<\/span> <span class=\"tmm_lname\">Huber<\/span><\/div><div class=\"tmm_job\">Membre\/Beisitzerin<\/div><div class=\"tmm_desc\" style=\"text-align:center\">Petit Chantons 4<br>\r\n1920 Martigny (VS)<br>\r\nMobile 078 678 27 29<\/div><div class=\"tmm_scblock\">\n                                                        <a class=\"tmm_sociallink\" href=\"mailto:valerie.huber@dackel.ch\" title=\"E-Mail\"><img decoding=\"async\" alt=\"E-Mail\" src=\"https:\/\/dackel.ch\/wp-content\/plugins\/team-members-pro\/img\/links\/email.png\"\/><\/a><\/div><\/div><\/div><div style=\"clear:both;\"><\/div><\/div><\/div><\/div>\n<\/div><\/section><\/p><\/div>\n<style type=\"text\/css\" data-created_by=\"avia_inline_auto\" id=\"style-css-av-1ilrag-ee8bee0635ee85f1ffe863d7ba08e75a\">\n.flex_column.av-1ilrag-ee8bee0635ee85f1ffe863d7ba08e75a{\nborder-radius:0px 0px 0px 0px;\npadding:0px 0px 0px 0px;\n}\n<\/style>\n<div  class='flex_column av-1ilrag-ee8bee0635ee85f1ffe863d7ba08e75a av_two_fifth flex_column_div av-zero-column-padding  '     ><p><section  class='av_textblock_section av-1deeow-87b0da7b5bf0a7f24d34b634560aa9fe '   itemscope=\"itemscope\" itemtype=\"https:\/\/schema.org\/CreativeWork\" ><div class='avia_textblock'  itemprop=\"text\" ><p><strong>Programme<\/strong><\/p>\n<h3><\/h3>\n<\/div><\/section><br \/>\n<div  class='hr av-zcvm8-51c6d4e5ecd1fa1287c7198b218abbf1 hr-default'><span class='hr-inner '><span class=\"hr-inner-style\"><\/span><\/span><\/div><br \/>\n<div  class='avia-button-wrap avia-button-center '>\n<style type=\"text\/css\" data-created_by=\"avia_inline_auto\" id=\"style-css-av-lqbbyx4z-326850bd9c4a916d74270ae3fbd04993\">\n#top #wrap_all .avia-button.av-lqbbyx4z-326850bd9c4a916d74270ae3fbd04993:hover{\ncolor:white;\ntransition:all 0.4s ease-in-out;\n}\n#top #wrap_all .avia-button.av-lqbbyx4z-326850bd9c4a916d74270ae3fbd04993:hover .avia-svg-icon svg:first-child{\nfill:white;\nstroke:white;\n}\n<\/style>\n<a href='' class='avia-color-theme-color avia-font-color-theme-color avia-button avia-button-fullwidth av-lqbbyx4z-326850bd9c4a916d74270ae3fbd04993 avia-icon_select-no avia-color-theme-color'  target=\"_blank\"  rel=\"noopener noreferrer\"  aria-label=\"-\"><span class='avia_iconbox_title' >-<\/span><span class='avia_button_background avia-button avia-button-fullwidth avia-color-theme-color-highlight'><\/span><\/a><\/div><br \/>\n<div  class='hr av-elwew-d80269bfe44b053a2fb82c10e167a405 hr-default'><span class='hr-inner '><span class=\"hr-inner-style\"><\/span><\/span><\/div><br \/>\n<section  class='av_textblock_section av-fcl28-f2b07208dd6a0ac8ebf397adc95c9c26 '   itemscope=\"itemscope\" itemtype=\"https:\/\/schema.org\/CreativeWork\" ><div class='avia_textblock'  itemprop=\"text\" ><p><a href=\"https:\/\/sectionromandeduteckel.ch\/\" target=\"_blank\" rel=\"noopener\"><strong>Site internet de la SRT<\/strong><\/a><\/p>\n<p><a href=\"http:\/\/grat-teckels-club.ch\/\" target=\"_blank\" rel=\"noopener\"><br \/>\n<\/a><a href=\"https:\/\/sectionromandeduteckel.ch\/\" target=\"_blank\" rel=\"noopener\"><img loading=\"lazy\" decoding=\"async\" class=\"alignleft wp-image-16954 size-portfolio\" src=\"https:\/\/dackel.ch\/wp-content\/uploads\/2025\/11\/web_srt-495x400.png\" alt=\"\" width=\"495\" height=\"400\"><\/a><\/p>\n<hr>\n<hr>\n<\/div><\/section><br \/>\n<section  class='av_textblock_section av-9zig0-40d62e2f0c49490783a99092616680a6 '   itemscope=\"itemscope\" itemtype=\"https:\/\/schema.org\/CreativeWork\" ><div class='avia_textblock'  itemprop=\"text\" ><p><strong>Infos | Links | Downloads<\/strong><\/p>\n<p>Les r\u00e9gions Vaud, Valais, Fribourg, Gen\u00e8ve, Neuch\u00e2tel et Jura font parties de notre Section Romande du Teckel<\/p>\n<p>Nous organiserons diverses activit\u00e9s telles que des rencontres, des promenades, des tests de caract\u00e8re et de conformit\u00e9, etc.<\/p>\n<\/div><\/section><\/p><\/div><\/p>\n","protected":false},"excerpt":{"rendered":"","protected":false},"author":1,"featured_media":0,"parent":17496,"menu_order":0,"comment_status":"closed","ping_status":"closed","template":"","meta":{"ngg_post_thumbnail":0,"footnotes":""},"class_list":["post-17755","page","type-page","status-publish","hentry"],"_links":{"self":[{"href":"https:\/\/dackel.ch\/fr\/wp-json\/wp\/v2\/pages\/17755","targetHints":{"allow":["GET"]}}],"collection":[{"href":"https:\/\/dackel.ch\/fr\/wp-json\/wp\/v2\/pages"}],"about":[{"href":"https:\/\/dackel.ch\/fr\/wp-json\/wp\/v2\/types\/page"}],"author":[{"embeddable":true,"href":"https:\/\/dackel.ch\/fr\/wp-json\/wp\/v2\/users\/1"}],"replies":[{"embeddable":true,"href":"https:\/\/dackel.ch\/fr\/wp-json\/wp\/v2\/comments?post=17755"}],"version-history":[{"count":17,"href":"https:\/\/dackel.ch\/fr\/wp-json\/wp\/v2\/pages\/17755\/revisions"}],"predecessor-version":[{"id":19602,"href":"https:\/\/dackel.ch\/fr\/wp-json\/wp\/v2\/pages\/17755\/revisions\/19602"}],"up":[{"embeddable":true,"href":"https:\/\/dackel.ch\/fr\/wp-json\/wp\/v2\/pages\/17496"}],"wp:attachment":[{"href":"https:\/\/dackel.ch\/fr\/wp-json\/wp\/v2\/media?parent=17755"}],"curies":[{"name":"wp","href":"https:\/\/api.w.org\/{rel}","templated":true}]}}

Groupe régional SRT

<style type="text/css" data-created_by="avia_inline_auto" id="style-css-av-25zzi8-0354b343890a948c130295824ca0c744">
.flex_column.av-25zzi8-0354b343890a948c130295824ca0c744{
border-radius:0px 0px 0px 0px;
padding:0px 0px 0px 0px;
}
</style>
<div  class='flex_column av-25zzi8-0354b343890a948c130295824ca0c744 av_three_fifth  avia-builder-el-0  el_before_av_two_fifth  avia-builder-el-first  first flex_column_div av-zero-column-padding  '     ><p>
<style type="text/css" data-created_by="avia_inline_auto" id="style-css-av-23339s-d66e5cf9b5527a9305cd2242b13c0790">
.avia-image-container.av-23339s-d66e5cf9b5527a9305cd2242b13c0790 img.avia_image{
box-shadow:none;
}
.avia-image-container.av-23339s-d66e5cf9b5527a9305cd2242b13c0790 .av-image-caption-overlay-center{
color:#ffffff;
}
</style>
<div  class='avia-image-container av-23339s-d66e5cf9b5527a9305cd2242b13c0790 av-styling- av-img-linked avia-align-center  avia-builder-el-1  el_before_av_hr  avia-builder-el-first '   itemprop="image" itemscope="itemscope" itemtype="https://schema.org/ImageObject" ><div class="avia-image-container-inner"><div class="avia-image-overlay-wrap"><a href="https://sectionromandeduteckel.ch/" class='avia_image '  aria-label='Logo-SRT'><img decoding="async" fetchpriority="high" class='wp-image-17759 avia-img-lazy-loading-not-17759 avia_image ' src="https://dackel.ch/wp-content/uploads/2025/12/Logo-SRT-300x227.jpg" alt='' title='Logo-SRT'  height="227" width="300"  itemprop="thumbnailUrl" srcset="https://dackel.ch/wp-content/uploads/2025/12/Logo-SRT-300x227.jpg 300w, https://dackel.ch/wp-content/uploads/2025/12/Logo-SRT-1030x780.jpg 1030w, https://dackel.ch/wp-content/uploads/2025/12/Logo-SRT-768x582.jpg 768w, https://dackel.ch/wp-content/uploads/2025/12/Logo-SRT-705x534.jpg 705w, https://dackel.ch/wp-content/uploads/2025/12/Logo-SRT.jpg 1092w" sizes="(max-width: 300px) 100vw, 300px" /></a></div></div></div><br />
<div  class='hr av-enjts-ffa3603937b14f00a0d07200f229e5cb hr-default  avia-builder-el-2  el_after_av_image  el_before_av_textblock '><span class='hr-inner '><span class="hr-inner-style"></span></span></div><br />
<section  class='av_textblock_section av-67ytc-9431f266570232a3f65285c216d11613 '   itemscope="itemscope" itemtype="https://schema.org/CreativeWork" ><div class='avia_textblock'  itemprop="text" ><p><strong>Section Romande du Teckel</strong></p>
<p>Le 10 août 2025, le nouveau comité a tenu sa première réunion pour remettre sur pied un groupe francophone, étant donné que le GRAT a quitté le Club Suisse du Teckel il y a deux ans.</p>
<p>Notre objectif est de briser la barrière de la langue allemande en traduisant les textes du mieux possible que ce soit dans le magazine ou sur la page d&#8217;accueil du CST.</p>
<p>Tous les teckels, qu&#8217;ils soient à poil court- dur ou -long, kaninchen-nain ou standard en possession d&#8217;un pedigree FCI sont les bienvenus.</p>
<p>Le but de notre section est d&#8217;apprendre les uns des autres, de nouer des contacts et de se faire des amis pour le bien-être et le plaisir de nos teckels. Nous serions ravis de vous accueillir dans notre Section Romande du Teckel </p>
<p>Pour toute question, n&#8217;hésite pas à nous contacter par courriel.</p>
</div></section><br />
<div  class='hr av-1xkj4g-561b9afd1df18e96c12ade9ccc36e905 hr-default  avia-builder-el-4  el_after_av_textblock  el_before_av_textblock '><span class='hr-inner '><span class="hr-inner-style"></span></span></div><br />
<section  class='av_textblock_section av-9g2lk-f017acabc6707e03e65a079db71e3448 '   itemscope="itemscope" itemtype="https://schema.org/CreativeWork" ><div class='avia_textblock'  itemprop="text" ><p><strong>Comité</strong></p>
<div class="tmm  tmm_4-ortsgruppe-grat tmm-floating-pic"><div class="tmm_2_columns tmm_wrap "><span class="tmm_two_containers_tablet"></span><div class="tmm_container"><div class="tmm_member " style="border-top:#aaaaaa solid 5px;"><div class=" tmm_photo tmm_phover_4-ortsgruppe-grat_0" style="background: url(https://dackel.ch/wp-content/uploads/2025/11/Praesidentin.jpg); margin-left: auto; margin-right:auto; background-size:cover !important;"></div><div class="tmm_textblock"><div class="tmm_names"><span class="tmm_fname">Andreae</span> <span class="tmm_lname">Gabriele</span></div><div class="tmm_job">Présidente/Präsidentin</div><div class="tmm_desc" style="text-align:center">Route de Curtilles 2<br>
1683 Chesalles (VD)<br>
Mobile 079 307 90 18
</div><div class="tmm_scblock">
                                                        <a class="tmm_sociallink" href="mailto:gabriele.andreae@dackel.ch" title="E-Mail"><img decoding="async" alt="E-Mail" src="https://dackel.ch/wp-content/plugins/team-members-pro/img/links/email.png"/></a></div></div></div><div class="tmm_member " style="border-top:#aaaaaa solid 5px;"><div class=" tmm_photo tmm_phover_4-ortsgruppe-grat_1" style="background: url(https://dackel.ch/wp-content/uploads/2025/11/Kassierin.jpg); margin-left: auto; margin-right:auto; background-size:cover !important;"></div><div class="tmm_textblock"><div class="tmm_names"><span class="tmm_fname">Monique</span> <span class="tmm_lname">Equey</span></div><div class="tmm_job">Trésorière/Kassierin</div><div class="tmm_desc" style="text-align:center">Route d'Oron 165<br>
1676 Chavannes-les-Forts (FR)<br>
Mobile 079 662 19 45</div><div class="tmm_scblock">
                                                        <a class="tmm_sociallink" href="mailto:monique.equey@dackel.ch" title="E-Mail"><img decoding="async" alt="E-Mail" src="https://dackel.ch/wp-content/plugins/team-members-pro/img/links/email.png"/></a></div></div></div><span class="tmm_two_containers_tablet"></span></div><span class="tmm_columns_containers_desktop"></span><div class="tmm_container"><div class="tmm_member " style="border-top:#aaaaaa solid 5px;"><div class=" tmm_photo tmm_phover_4-ortsgruppe-grat_2" style="background: url(https://dackel.ch/wp-content/uploads/2025/11/Sekretaerin2.jpg); margin-left: auto; margin-right:auto; background-size:cover !important;"></div><div class="tmm_textblock"><div class="tmm_names"><span class="tmm_fname">Xenia</span> <span class="tmm_lname">Riva</span></div><div class="tmm_job">Secrétaire/Sekretärin</div><div class="tmm_desc" style="text-align:center">Chemin du Battoir 1<br>
1043 Sugnens (VD)<br>
Mobile 079 310 34 70</div><div class="tmm_scblock">
                                                        <a class="tmm_sociallink" href="mailto:xenia.riva@dackel.ch" title="E-Mail"><img decoding="async" alt="E-Mail" src="https://dackel.ch/wp-content/plugins/team-members-pro/img/links/email.png"/></a></div></div></div><div class="tmm_member " style="border-top:#aaaaaa solid 5px;"><div class=" tmm_photo tmm_phover_4-ortsgruppe-grat_3" style="background: url(https://dackel.ch/wp-content/uploads/2025/11/Beisitzerin.jpg); margin-left: auto; margin-right:auto; background-size:cover !important;"></div><div class="tmm_textblock"><div class="tmm_names"><span class="tmm_fname">Valérie</span> <span class="tmm_lname">Huber</span></div><div class="tmm_job">Membre/Beisitzerin</div><div class="tmm_desc" style="text-align:center">Petit Chantons 4<br>
1920 Martigny (VS)<br>
Mobile 078 678 27 29</div><div class="tmm_scblock">
                                                        <a class="tmm_sociallink" href="mailto:valerie.huber@dackel.ch" title="E-Mail"><img decoding="async" alt="E-Mail" src="https://dackel.ch/wp-content/plugins/team-members-pro/img/links/email.png"/></a></div></div></div><div style="clear:both;"></div></div></div></div>
</div></section></p></div>
<style type="text/css" data-created_by="avia_inline_auto" id="style-css-av-1ilrag-ee8bee0635ee85f1ffe863d7ba08e75a">
.flex_column.av-1ilrag-ee8bee0635ee85f1ffe863d7ba08e75a{
border-radius:0px 0px 0px 0px;
padding:0px 0px 0px 0px;
}
</style>
<div  class='flex_column av-1ilrag-ee8bee0635ee85f1ffe863d7ba08e75a av_two_fifth flex_column_div av-zero-column-padding  '     ><p><section  class='av_textblock_section av-1deeow-87b0da7b5bf0a7f24d34b634560aa9fe '   itemscope="itemscope" itemtype="https://schema.org/CreativeWork" ><div class='avia_textblock'  itemprop="text" ><p><strong>Programme</strong></p>
<h3></h3>
</div></section><br />
<div  class='hr av-zcvm8-51c6d4e5ecd1fa1287c7198b218abbf1 hr-default'><span class='hr-inner '><span class="hr-inner-style"></span></span></div><br />
<div  class='avia-button-wrap avia-button-center '>
<style type="text/css" data-created_by="avia_inline_auto" id="style-css-av-lqbbyx4z-326850bd9c4a916d74270ae3fbd04993">
#top #wrap_all .avia-button.av-lqbbyx4z-326850bd9c4a916d74270ae3fbd04993:hover{
color:white;
transition:all 0.4s ease-in-out;
}
#top #wrap_all .avia-button.av-lqbbyx4z-326850bd9c4a916d74270ae3fbd04993:hover .avia-svg-icon svg:first-child{
fill:white;
stroke:white;
}
</style>
<a href='' class='avia-color-theme-color avia-font-color-theme-color avia-button avia-button-fullwidth av-lqbbyx4z-326850bd9c4a916d74270ae3fbd04993 avia-icon_select-no avia-color-theme-color'  target="_blank"  rel="noopener noreferrer"  aria-label="-"><span class='avia_iconbox_title' >-</span><span class='avia_button_background avia-button avia-button-fullwidth avia-color-theme-color-highlight'></span></a></div><br />
<div  class='hr av-elwew-d80269bfe44b053a2fb82c10e167a405 hr-default'><span class='hr-inner '><span class="hr-inner-style"></span></span></div><br />
<section  class='av_textblock_section av-fcl28-f2b07208dd6a0ac8ebf397adc95c9c26 '   itemscope="itemscope" itemtype="https://schema.org/CreativeWork" ><div class='avia_textblock'  itemprop="text" ><p><a href="https://sectionromandeduteckel.ch/" target="_blank" rel="noopener"><strong>Site internet de la SRT</strong></a></p>
<p><a href="http://grat-teckels-club.ch/" target="_blank" rel="noopener"><br />
</a><a href="https://sectionromandeduteckel.ch/" target="_blank" rel="noopener"><img loading="lazy" decoding="async" class="alignleft wp-image-16954 size-portfolio" src="https://dackel.ch/wp-content/uploads/2025/11/web_srt-495x400.png" alt="" width="495" height="400"></a></p>
<hr>
<hr>
</div></section><br />
<section  class='av_textblock_section av-9zig0-40d62e2f0c49490783a99092616680a6 '   itemscope="itemscope" itemtype="https://schema.org/CreativeWork" ><div class='avia_textblock'  itemprop="text" ><p><strong>Infos | Links | Downloads</strong></p>
<p>Les régions Vaud, Valais, Fribourg, Genève, Neuchâtel et Jura font parties de notre Section Romande du Teckel</p>
<p>Nous organiserons diverses activités telles que des rencontres, des promenades, des tests de caractère et de conformité, etc.</p>
</div></section></p></div></p>
