{"id":17788,"date":"2015-09-09T06:26:53","date_gmt":"2015-09-09T06:26:53","guid":{"rendered":"https:\/\/dackel.ch\/notre-club\/actualites-du-club-annonces\/"},"modified":"2026-02-03T12:32:43","modified_gmt":"2026-02-03T12:32:43","slug":"actualites-du-club-annonces","status":"publish","type":"page","link":"https:\/\/dackel.ch\/fr\/notre-club\/actualites-du-club-annonces\/","title":{"rendered":"Actualit\u00e9s du club | Annonces"},"content":{"rendered":"\n<style type=\"text\/css\" data-created_by=\"avia_inline_auto\" id=\"style-css-av-1yp37-75db9b856f263110641bdbfb735ed627\">\n.flex_column.av-1yp37-75db9b856f263110641bdbfb735ed627{\nborder-radius:0px 0px 0px 0px;\npadding:0px 0px 0px 0px;\n}\n<\/style>\n<div  class='flex_column av-1yp37-75db9b856f263110641bdbfb735ed627 av_one_full  avia-builder-el-0  el_before_av_hr  avia-builder-el-first  first flex_column_div av-zero-column-padding  '     ><section  class='av_textblock_section av-m39b8y46-9eae0da69e375bad7ccb7cb83979b363 '   itemscope=\"itemscope\" itemtype=\"https:\/\/schema.org\/CreativeWork\" ><div class='avia_textblock'  itemprop=\"text\" ><h4><strong>Forum du Teckel<\/strong><\/h4>\n<p>Le Forum du Teckel (revue du Club Suisse du Teckel) para\u00eet 4 fois par an. Il contient toutes les informations importantes sur la vie du club, telles que les expositions, les examens, les communications et les informations du comit\u00e9 aux membres.  <!--more-->De m\u00eame, des contributions et des articles int\u00e9ressants de membres et de journalistes ainsi que des groupes r\u00e9gionaux du CST sur le th\u00e8me du teckel sont publi\u00e9s. L&#8217;un des \u00e9l\u00e9ments les plus importants est la liste des \u00e9leveurs et des \u00e9talons, qui est constamment \u00e0 votre disposition. <\/p>\n<p>La <strong>date limite de soumission des articles<\/strong> est fix\u00e9e au 31 mars, 30 juin, 30 septembre et 31 d\u00e9cembre.    <\/p>\n<p>L&#8217;abonnement est inclus dans la cotisation de membre.<br \/>\nIl contient des informations tr\u00e8s utiles et importantes.<br \/>\n&#8211; Activit\u00e9s et \u00e9v\u00e9nements du club, expositions, examens<br \/>\n&#8211; Conseils pr\u00e9cieux sur la cynologie en g\u00e9n\u00e9ral et en particulier pour les teckels<br \/>\n&#8211; Informations int\u00e9ressantes du comit\u00e9 et des groupes r\u00e9gionaux de Suisse<br \/>\n&#8211; Rapports annuels, statuts et d\u00e9cisions des responsables des diff\u00e9rents domaines<br \/>\n&#8211; Rapports et t\u00e9moignages de succ\u00e8s des membres et amis du club<br \/>\n&#8211; Listes des \u00e9leveurs et des \u00e9talons, statistiques sur le placement des chiots<br \/>\n&#8211; Prescriptions d&#8217;\u00e9levage, contr\u00f4les et aides de la commission d&#8217;\u00e9levage<br \/>\n&#8211; Appels d&#8217;offres et examens dans le domaine de l&#8217;utilisation cyn\u00e9g\u00e9tique<br \/>\n&#8211; Descriptions des standards, des s\u00e9lections, des papiers de douane et de vaccination, etc. <\/p>\n<p>Les membres de l&#8217;association, les comit\u00e9s et les responsables sont invit\u00e9s \u00e0 enrichir le magazine et \u00e0 soutenir l&#8217;association par des rapports et des textes pour le forum. La r\u00e9dactrice est tr\u00e8s reconnaissante pour chaque article. Veuillez envoyer les documents (texte et photos) \u00e0 l&#8217;adresse suivante :  <\/p>\n<p>R\u00e9daction du Forum : Ruth H\u00e4uselmann, Pfarrhausstrasse 11, 8426 Lufingen<br \/>\nT\u00e9l. 044 814 02 08, Mail : Clubredaktion@dackel.ch.<\/p>\n<\/div><\/section><\/div>\n<div  class='hr av-xfhz-92553d218e904d40273224c08093f531 hr-default  avia-builder-el-2  el_after_av_one_full  el_before_av_textblock '><span class='hr-inner '><span class=\"hr-inner-style\"><\/span><\/span><\/div>\n<section  class='av_textblock_section av-th27-7a9585ddb360b39e3b1bb92e5e1d4c79 '   itemscope=\"itemscope\" itemtype=\"https:\/\/schema.org\/CreativeWork\" ><div class='avia_textblock'  itemprop=\"text\" ><p><a href=\"http:\/\/www.tinayla.ch\" target=\"_blank\" rel=\"http:\/\/www.tinayla.ch noopener noreferrer\"><img loading=\"lazy\" decoding=\"async\" class=\"alignnone wp-image-2749 size-full\" src=\"https:\/\/dackel.ch\/wp-content\/uploads\/2017\/05\/tinayla.jpg\" alt=\"\" width=\"396\" height=\"301\" srcset=\"https:\/\/dackel.ch\/wp-content\/uploads\/2017\/05\/tinayla.jpg 396w, https:\/\/dackel.ch\/wp-content\/uploads\/2017\/05\/tinayla-300x228.jpg 300w\" sizes=\"auto, (max-width: 396px) 100vw, 396px\" \/><\/a><\/p>\n<hr>\n<p><a href=\"http:\/\/www.vom-margelchopf.ch%20\" target=\"_blank\" rel=\"http:\/\/www.vom-margelchopf.ch noopener noreferrer\"><img loading=\"lazy\" decoding=\"async\" class=\"alignnone wp-image-3036 size-full\" src=\"https:\/\/dackel.ch\/wp-content\/uploads\/2017\/10\/inserat-vetsch.jpg\" alt=\"\" width=\"1030\" height=\"205\" srcset=\"https:\/\/dackel.ch\/wp-content\/uploads\/2017\/10\/inserat-vetsch.jpg 1030w, https:\/\/dackel.ch\/wp-content\/uploads\/2017\/10\/inserat-vetsch-300x60.jpg 300w, https:\/\/dackel.ch\/wp-content\/uploads\/2017\/10\/inserat-vetsch-768x153.jpg 768w, https:\/\/dackel.ch\/wp-content\/uploads\/2017\/10\/inserat-vetsch-705x140.jpg 705w, https:\/\/dackel.ch\/wp-content\/uploads\/2017\/10\/inserat-vetsch-450x90.jpg 450w\" sizes=\"auto, (max-width: 1030px) 100vw, 1030px\" \/><\/a><\/p>\n<hr>\n<p><a href=\"https:\/\/dackel.ch\/wp-content\/uploads\/2018\/08\/126-Z%C3%BCchterinserat-Jegerlehner-1.jpg\"><img loading=\"lazy\" decoding=\"async\" class=\"alignnone wp-image-7020\" src=\"https:\/\/dackel.ch\/wp-content\/uploads\/2021\/04\/Inserat-Jegerlehner-klein-300x221.jpg\" alt=\"\" width=\"400\" height=\"295\" srcset=\"https:\/\/dackel.ch\/wp-content\/uploads\/2021\/04\/Inserat-Jegerlehner-klein-300x221.jpg 300w, https:\/\/dackel.ch\/wp-content\/uploads\/2021\/04\/Inserat-Jegerlehner-klein.jpg 515w\" sizes=\"auto, (max-width: 400px) 100vw, 400px\" \/><\/a><\/p>\n<hr>\n<\/div><\/section>\n","protected":false},"excerpt":{"rendered":"<p>Forum du Teckel Le Forum du Teckel (revue du Club Suisse du Teckel) para\u00eet 4 fois par an. Il contient toutes les informations importantes sur la vie du club, telles que les expositions, les examens, les communications et les informations du comit\u00e9 aux membres.<\/p>\n","protected":false},"author":1,"featured_media":0,"parent":17632,"menu_order":5,"comment_status":"closed","ping_status":"closed","template":"","meta":{"ngg_post_thumbnail":0,"footnotes":""},"class_list":["post-17788","page","type-page","status-publish","hentry"],"_links":{"self":[{"href":"https:\/\/dackel.ch\/fr\/wp-json\/wp\/v2\/pages\/17788","targetHints":{"allow":["GET"]}}],"collection":[{"href":"https:\/\/dackel.ch\/fr\/wp-json\/wp\/v2\/pages"}],"about":[{"href":"https:\/\/dackel.ch\/fr\/wp-json\/wp\/v2\/types\/page"}],"author":[{"embeddable":true,"href":"https:\/\/dackel.ch\/fr\/wp-json\/wp\/v2\/users\/1"}],"replies":[{"embeddable":true,"href":"https:\/\/dackel.ch\/fr\/wp-json\/wp\/v2\/comments?post=17788"}],"version-history":[{"count":20,"href":"https:\/\/dackel.ch\/fr\/wp-json\/wp\/v2\/pages\/17788\/revisions"}],"predecessor-version":[{"id":19123,"href":"https:\/\/dackel.ch\/fr\/wp-json\/wp\/v2\/pages\/17788\/revisions\/19123"}],"up":[{"embeddable":true,"href":"https:\/\/dackel.ch\/fr\/wp-json\/wp\/v2\/pages\/17632"}],"wp:attachment":[{"href":"https:\/\/dackel.ch\/fr\/wp-json\/wp\/v2\/media?parent=17788"}],"curies":[{"name":"wp","href":"https:\/\/api.w.org\/{rel}","templated":true}]}}

Actualités du club | Annonces

<style type="text/css" data-created_by="avia_inline_auto" id="style-css-av-1yp37-75db9b856f263110641bdbfb735ed627">
.flex_column.av-1yp37-75db9b856f263110641bdbfb735ed627{
border-radius:0px 0px 0px 0px;
padding:0px 0px 0px 0px;
}
</style>
<div  class='flex_column av-1yp37-75db9b856f263110641bdbfb735ed627 av_one_full  avia-builder-el-0  el_before_av_hr  avia-builder-el-first  first flex_column_div av-zero-column-padding  '     ><section  class='av_textblock_section av-m39b8y46-9eae0da69e375bad7ccb7cb83979b363 '   itemscope="itemscope" itemtype="https://schema.org/CreativeWork" ><div class='avia_textblock'  itemprop="text" ><h4><strong>Forum du Teckel</strong></h4>
<p>Le Forum du Teckel (revue du Club Suisse du Teckel) paraît 4 fois par an. Il contient toutes les informations importantes sur la vie du club, telles que les expositions, les examens, les communications et les informations du comité aux membres.  <!--more-->De même, des contributions et des articles intéressants de membres et de journalistes ainsi que des groupes régionaux du CST sur le thème du teckel sont publiés. L&#8217;un des éléments les plus importants est la liste des éleveurs et des étalons, qui est constamment à votre disposition. </p>
<p>La <strong>date limite de soumission des articles</strong> est fixée au 31 mars, 30 juin, 30 septembre et 31 décembre.    </p>
<p>L&#8217;abonnement est inclus dans la cotisation de membre.<br />
Il contient des informations très utiles et importantes.<br />
&#8211; Activités et événements du club, expositions, examens<br />
&#8211; Conseils précieux sur la cynologie en général et en particulier pour les teckels<br />
&#8211; Informations intéressantes du comité et des groupes régionaux de Suisse<br />
&#8211; Rapports annuels, statuts et décisions des responsables des différents domaines<br />
&#8211; Rapports et témoignages de succès des membres et amis du club<br />
&#8211; Listes des éleveurs et des étalons, statistiques sur le placement des chiots<br />
&#8211; Prescriptions d&#8217;élevage, contrôles et aides de la commission d&#8217;élevage<br />
&#8211; Appels d&#8217;offres et examens dans le domaine de l&#8217;utilisation cynégétique<br />
&#8211; Descriptions des standards, des sélections, des papiers de douane et de vaccination, etc. </p>
<p>Les membres de l&#8217;association, les comités et les responsables sont invités à enrichir le magazine et à soutenir l&#8217;association par des rapports et des textes pour le forum. La rédactrice est très reconnaissante pour chaque article. Veuillez envoyer les documents (texte et photos) à l&#8217;adresse suivante :  </p>
<p>Rédaction du Forum : Ruth Häuselmann, Pfarrhausstrasse 11, 8426 Lufingen<br />
Tél. 044 814 02 08, Mail : Clubredaktion@dackel.ch.</p>
</div></section></div>
<div  class='hr av-xfhz-92553d218e904d40273224c08093f531 hr-default  avia-builder-el-2  el_after_av_one_full  el_before_av_textblock '><span class='hr-inner '><span class="hr-inner-style"></span></span></div>
<section  class='av_textblock_section av-th27-7a9585ddb360b39e3b1bb92e5e1d4c79 '   itemscope="itemscope" itemtype="https://schema.org/CreativeWork" ><div class='avia_textblock'  itemprop="text" ><p><a href="http://www.tinayla.ch" target="_blank" rel="http://www.tinayla.ch noopener noreferrer"><img loading="lazy" decoding="async" class="alignnone wp-image-2749 size-full" src="https://dackel.ch/wp-content/uploads/2017/05/tinayla.jpg" alt="" width="396" height="301" srcset="https://dackel.ch/wp-content/uploads/2017/05/tinayla.jpg 396w, https://dackel.ch/wp-content/uploads/2017/05/tinayla-300x228.jpg 300w" sizes="auto, (max-width: 396px) 100vw, 396px" /></a></p>
<hr>
<p><a href="http://www.vom-margelchopf.ch%20" target="_blank" rel="http://www.vom-margelchopf.ch noopener noreferrer"><img loading="lazy" decoding="async" class="alignnone wp-image-3036 size-full" src="https://dackel.ch/wp-content/uploads/2017/10/inserat-vetsch.jpg" alt="" width="1030" height="205" srcset="https://dackel.ch/wp-content/uploads/2017/10/inserat-vetsch.jpg 1030w, https://dackel.ch/wp-content/uploads/2017/10/inserat-vetsch-300x60.jpg 300w, https://dackel.ch/wp-content/uploads/2017/10/inserat-vetsch-768x153.jpg 768w, https://dackel.ch/wp-content/uploads/2017/10/inserat-vetsch-705x140.jpg 705w, https://dackel.ch/wp-content/uploads/2017/10/inserat-vetsch-450x90.jpg 450w" sizes="auto, (max-width: 1030px) 100vw, 1030px" /></a></p>
<hr>
<p><a href="https://dackel.ch/wp-content/uploads/2018/08/126-Z%C3%BCchterinserat-Jegerlehner-1.jpg"><img loading="lazy" decoding="async" class="alignnone wp-image-7020" src="https://dackel.ch/wp-content/uploads/2021/04/Inserat-Jegerlehner-klein-300x221.jpg" alt="" width="400" height="295" srcset="https://dackel.ch/wp-content/uploads/2021/04/Inserat-Jegerlehner-klein-300x221.jpg 300w, https://dackel.ch/wp-content/uploads/2021/04/Inserat-Jegerlehner-klein.jpg 515w" sizes="auto, (max-width: 400px) 100vw, 400px" /></a></p>
<hr>
</div></section>

<p>Forum du Teckel Le Forum du Teckel (revue du Club Suisse du Teckel) paraît 4 fois par an. Il contient toutes les informations importantes sur la vie du club, telles que les expositions, les examens, les communications et les informations du comité aux membres.</p>
