{"id":17716,"date":"2015-11-23T16:17:45","date_gmt":"2015-11-23T16:17:45","guid":{"rendered":"https:\/\/dackel.ch\/gruppo-regionale-grigioni-ticino\/"},"modified":"2026-02-18T12:04:47","modified_gmt":"2026-02-18T12:04:47","slug":"gruppo-regionale-grigioni-ticino","status":"publish","type":"page","link":"https:\/\/dackel.ch\/it\/il-nostro-club\/gruppi-regionali\/gruppo-regionale-grigioni-ticino\/","title":{"rendered":"Gruppo regionale Grigioni\/Ticino"},"content":{"rendered":"\n<style type=\"text\/css\" data-created_by=\"avia_inline_auto\" id=\"style-css-av-2g11yq-9b75020bc265ad3881e42fb9ca4bf318\">\n.flex_column.av-2g11yq-9b75020bc265ad3881e42fb9ca4bf318{\nborder-radius:0px 0px 0px 0px;\npadding:0px 0px 0px 0px;\n}\n<\/style>\n<div  class='flex_column av-2g11yq-9b75020bc265ad3881e42fb9ca4bf318 av_three_fifth  avia-builder-el-0  el_before_av_two_fifth  avia-builder-el-first  first flex_column_div av-zero-column-padding  '     ><p>\n<style type=\"text\/css\" data-created_by=\"avia_inline_auto\" id=\"style-css-av-26e1oi-03a37ef7c78b67cfe005bc6044040def\">\n.avia-image-container.av-26e1oi-03a37ef7c78b67cfe005bc6044040def img.avia_image{\nbox-shadow:none;\n}\n.avia-image-container.av-26e1oi-03a37ef7c78b67cfe005bc6044040def .av-image-caption-overlay-center{\ncolor:#ffffff;\n}\n<\/style>\n<div  class='avia-image-container av-26e1oi-03a37ef7c78b67cfe005bc6044040def av-styling- avia-align-center  avia-builder-el-1  el_before_av_hr  avia-builder-el-first '   itemprop=\"image\" itemscope=\"itemscope\" itemtype=\"https:\/\/schema.org\/ImageObject\" ><div class=\"avia-image-container-inner\"><div class=\"avia-image-overlay-wrap\"><img decoding=\"async\" fetchpriority=\"high\" class='wp-image-17720 avia-img-lazy-loading-not-17720 avia_image ' src=\"https:\/\/dackel.ch\/wp-content\/uploads\/2021\/04\/Logo-GR-TI-2021-300x234.jpg\" alt='' title='GRTI05'  height=\"234\" width=\"300\"  itemprop=\"thumbnailUrl\"  \/><\/div><\/div><\/div><br \/>\n<div  class='hr av-20nas2-38ea19fec3059d642bbbee36da408cb8 hr-default  avia-builder-el-2  el_after_av_image  el_before_av_textblock '><span class='hr-inner '><span class=\"hr-inner-style\"><\/span><\/span><\/div><br \/>\n<section  class='av_textblock_section av-1v0snm-173b478bfead59af914cb33635cc626d '   itemscope=\"itemscope\" itemtype=\"https:\/\/schema.org\/CreativeWork\" ><div class='avia_textblock'  itemprop=\"text\" ><p>Il nostro gruppo locale GR\/TI esiste dal 14 gennaio 1995 ed \u00e8 stato fondato a Thusis. Gli iniziatori sono stati Maya von Allmen, K\u00e4thi Keller e Hans Liechti. Il nostro gruppo locale, relativamente giovane e piccolo, offre ai nostri membri una buona comunicazione tra loro e attivit\u00e0 per cani e persone durante tutto l&#8217;anno.  <\/p>\n<p>Con i nostri cani da caccia eseguiamo diverse esercitazioni e prove di caccia. <\/p>\n<p>Oltre al cane da caccia e da lavoro, al nostro club appartengono anche il cane da compagnia e il cane di famiglia. Che si tratti di un bassotto a pelo ruvido, a pelo corto o a pelo lungo, ogni bassotto ci sta ugualmente a cuore. La variet\u00e0 delle nostre attivit\u00e0 \u00e8 cresciuta negli anni tanto quanto la nostra competenza sui bassotti e sul lavoro con i cani. Dal corso per cani da compagnia con esame, al ring training per esposizioni di bellezza, alla valutazione della conformazione, alla prova caratteriale, all&#8217;esposizione per cani giovani, alle escursioni fino alle giornate di conoscenza, ogni anno viene offerto qualcosa a tutti.   <\/p>\n<p>L&#8217;obiettivo del nostro gruppo locale \u00e8 imparare gli uni dagli altri, allacciare contatti e stringere amicizie per il bene e la gioia dei nostri bassotti. Saremmo lieti di darvi il benvenuto nella nostra cerchia e speriamo che vi sentiate a vostro agio nel nostro gruppo locale. Se avete altre domande, siamo a vostra disposizione. Scriveteci!   <\/p>\n<hr>\n<p><strong>Consiglio direttivo<\/strong><\/p>\n<div class=\"tmm  tmm_ortsgruppe-graubuendenticino tmm-floating-pic\"><div class=\"tmm_2_columns tmm_wrap \"><span class=\"tmm_two_containers_tablet\"><\/span><div class=\"tmm_container\"><div class=\"tmm_member \" style=\"border-top:#aaaaaa solid 5px;\"><div class=\"tmm_textblock\"><div class=\"tmm_names\"><span class=\"tmm_fname\">Yves Ren\u00e9<\/span> <span class=\"tmm_lname\">Lauber<\/span><\/div><div class=\"tmm_job\">Pr\u00e4sident<\/div><div class=\"tmm_desc\" style=\"text-align:center\">Via San Gian 48<br>\r\n7500 St. Moritz<br>\r\nTelefon 081 589 67 70<\/div><div class=\"tmm_scblock\">\n                                                        <a class=\"tmm_sociallink\" href=\"mailto:yves.lauber@dackel.ch\" title=\"E-Mail\"><img decoding=\"async\" alt=\"E-Mail\" src=\"https:\/\/dackel.ch\/wp-content\/plugins\/team-members-pro\/img\/links\/email.png\"\/><\/a><\/div><\/div><\/div><div class=\"tmm_member \" style=\"border-top:#aaaaaa solid 5px;\"><div class=\"tmm_textblock\"><div class=\"tmm_names\"><span class=\"tmm_fname\">Sylvia<\/span> <span class=\"tmm_lname\">Gianfelice<\/span><\/div><div class=\"tmm_job\">Kassierin<\/div><div class=\"tmm_desc\" style=\"text-align:center\">Afuris 1B<br>\r\n7015 Tamins<br>\r\nTelefon 079 610 23 27<\/div><div class=\"tmm_scblock\">\n                                                        <a class=\"tmm_sociallink\" href=\"mailto:sylvia.gianfelice@dackel.ch\" title=\"E-Mail\"><img decoding=\"async\" alt=\"E-Mail\" src=\"https:\/\/dackel.ch\/wp-content\/plugins\/team-members-pro\/img\/links\/email.png\"\/><\/a><\/div><\/div><\/div><span class=\"tmm_two_containers_tablet\"><\/span><\/div><span class=\"tmm_columns_containers_desktop\"><\/span><div class=\"tmm_container\"><div class=\"tmm_member \" style=\"border-top:#aaaaaa solid 5px;\"><div class=\"tmm_textblock\"><div class=\"tmm_names\"><span class=\"tmm_fname\">Claudia<\/span> <span class=\"tmm_lname\">Lauener<\/span><\/div><div class=\"tmm_job\">Sekret\u00e4rin<\/div><div class=\"tmm_desc\" style=\"text-align:center\">Schartenfelsstrasse 29<br>\r\n5400 Baden<br>\r\nMobile 079 402 90 43<\/div><div class=\"tmm_scblock\">\n                                                        <a class=\"tmm_sociallink\" href=\"mailto:claudia.lauener@dackel.ch\" title=\"E-Mail\"><img decoding=\"async\" alt=\"E-Mail\" src=\"https:\/\/dackel.ch\/wp-content\/plugins\/team-members-pro\/img\/links\/email.png\"\/><\/a><\/div><\/div><\/div><div style=\"clear:both;\"><\/div><\/div><\/div><\/div>\n<\/div><\/section><\/p><\/div>\n\n<style type=\"text\/css\" data-created_by=\"avia_inline_auto\" id=\"style-css-av-1s6oqa-9845946bf63959f29876c450b1d7889b\">\n.flex_column.av-1s6oqa-9845946bf63959f29876c450b1d7889b{\nborder-radius:0px 0px 0px 0px;\npadding:0px 0px 0px 0px;\n}\n<\/style>\n<div  class='flex_column av-1s6oqa-9845946bf63959f29876c450b1d7889b av_two_fifth flex_column_div av-zero-column-padding  '     ><p><section  class='av_textblock_section av-1ifssa-ffa429a2d53625864fa9f66b01e39341 '   itemscope=\"itemscope\" itemtype=\"https:\/\/schema.org\/CreativeWork\" ><div class='avia_textblock'  itemprop=\"text\" ><p><strong>Programma<\/strong><\/p>\n<h3><\/h3>\n<\/div><\/section><br \/>\n<div  class='hr av-406wi-b5307f48891e49402480ee1921934eeb hr-default'><span class='hr-inner '><span class=\"hr-inner-style\"><\/span><\/span><\/div><br \/>\n<div  class='avia-button-wrap avia-button-center '>\n<style type=\"text\/css\" data-created_by=\"avia_inline_auto\" id=\"style-css-av-lbmnurda-35d35b2bf513660baaa9979bcf001e72\">\n#top #wrap_all .avia-button.av-lbmnurda-35d35b2bf513660baaa9979bcf001e72:hover{\nbackground-color:silver;\ncolor:white;\ntransition:all 0.4s ease-in-out;\n}\n#top #wrap_all .avia-button.av-lbmnurda-35d35b2bf513660baaa9979bcf001e72:hover .avia-svg-icon svg:first-child{\nfill:white;\nstroke:white;\n}\n<\/style>\n<a href='https:\/\/dackel.ch\/wp-content\/uploads\/2026\/02\/j_prog_gr.ti_def-2026-1.pdf' class='avia-color-theme-color avia-font-color-theme-color avia-button avia-button-fullwidth av-lbmnurda-35d35b2bf513660baaa9979bcf001e72 avia-icon_select-no avia-color-theme-color'  target=\"_blank\"  rel=\"noopener noreferrer\"  aria-label=\"Programma annuale 2026\"><span class='avia_iconbox_title' >Programma annuale 2026<\/span><\/a><\/div><br \/>\n<div  class='hr av-r4kya-01930774abb6b25ffec8745c6eae8f9f hr-default'><span class='hr-inner '><span class=\"hr-inner-style\"><\/span><\/span><\/div><br \/>\n<section  class='av_textblock_section av-6nxnu-95bc3e890c1b5b9e72ce755a7f5e87e3 '   itemscope=\"itemscope\" itemtype=\"https:\/\/schema.org\/CreativeWork\" ><div class='avia_textblock'  itemprop=\"text\" ><p><a href=\"http:\/\/www.dackel-grti.ch\" target=\"_blank\" rel=\"noopener\"><strong>Sito web della sezione Grigioni\/Ticino<\/strong><\/a><\/p>\n<p><a href=\"http:\/\/www.dackel-grti.ch\" target=\"_blank\" rel=\"noopener\"><img loading=\"lazy\" decoding=\"async\" class=\"alignnone wp-image-8365 size-medium\" src=\"https:\/\/dackel.ch\/wp-content\/uploads\/2022\/01\/og-grti-300x290.jpg\" alt=\"\" width=\"300\" height=\"290\" srcset=\"https:\/\/dackel.ch\/wp-content\/uploads\/2022\/01\/og-grti-300x290.jpg 300w, https:\/\/dackel.ch\/wp-content\/uploads\/2022\/01\/og-grti-36x36.jpg 36w, https:\/\/dackel.ch\/wp-content\/uploads\/2022\/01\/og-grti.jpg 564w\" sizes=\"auto, (max-width: 300px) 100vw, 300px\" \/><\/a><\/p>\n<\/div><\/section><br \/>\n<div  class='hr av-cpqpm-2-1fc9e88350ab6d78d3467067ad150ecf hr-default'><span class='hr-inner '><span class=\"hr-inner-style\"><\/span><\/span><\/div><br \/>\n<section  class='av_textblock_section av-6nxnu-1-521d695d32a7a8f2e6cc38fbbc1d78df '   itemscope=\"itemscope\" itemtype=\"https:\/\/schema.org\/CreativeWork\" ><div class='avia_textblock'  itemprop=\"text\" ><p><strong>Info | Link | Download<\/strong><\/p>\n<\/div><\/section><\/p><\/div>\n","protected":false},"excerpt":{"rendered":"","protected":false},"author":1,"featured_media":0,"parent":17827,"menu_order":0,"comment_status":"closed","ping_status":"closed","template":"","meta":{"ngg_post_thumbnail":0,"footnotes":""},"class_list":["post-17716","page","type-page","status-publish","hentry"],"_links":{"self":[{"href":"https:\/\/dackel.ch\/it\/wp-json\/wp\/v2\/pages\/17716","targetHints":{"allow":["GET"]}}],"collection":[{"href":"https:\/\/dackel.ch\/it\/wp-json\/wp\/v2\/pages"}],"about":[{"href":"https:\/\/dackel.ch\/it\/wp-json\/wp\/v2\/types\/page"}],"author":[{"embeddable":true,"href":"https:\/\/dackel.ch\/it\/wp-json\/wp\/v2\/users\/1"}],"replies":[{"embeddable":true,"href":"https:\/\/dackel.ch\/it\/wp-json\/wp\/v2\/comments?post=17716"}],"version-history":[{"count":18,"href":"https:\/\/dackel.ch\/it\/wp-json\/wp\/v2\/pages\/17716\/revisions"}],"predecessor-version":[{"id":19486,"href":"https:\/\/dackel.ch\/it\/wp-json\/wp\/v2\/pages\/17716\/revisions\/19486"}],"up":[{"embeddable":true,"href":"https:\/\/dackel.ch\/it\/wp-json\/wp\/v2\/pages\/17827"}],"wp:attachment":[{"href":"https:\/\/dackel.ch\/it\/wp-json\/wp\/v2\/media?parent=17716"}],"curies":[{"name":"wp","href":"https:\/\/api.w.org\/{rel}","templated":true}]}}

<style type="text/css" data-created_by="avia_inline_auto" id="style-css-av-2g11yq-9b75020bc265ad3881e42fb9ca4bf318">
.flex_column.av-2g11yq-9b75020bc265ad3881e42fb9ca4bf318{
border-radius:0px 0px 0px 0px;
padding:0px 0px 0px 0px;
}
</style>
<div  class='flex_column av-2g11yq-9b75020bc265ad3881e42fb9ca4bf318 av_three_fifth  avia-builder-el-0  el_before_av_two_fifth  avia-builder-el-first  first flex_column_div av-zero-column-padding  '     ><p>
<style type="text/css" data-created_by="avia_inline_auto" id="style-css-av-26e1oi-03a37ef7c78b67cfe005bc6044040def">
.avia-image-container.av-26e1oi-03a37ef7c78b67cfe005bc6044040def img.avia_image{
box-shadow:none;
}
.avia-image-container.av-26e1oi-03a37ef7c78b67cfe005bc6044040def .av-image-caption-overlay-center{
color:#ffffff;
}
</style>
<div  class='avia-image-container av-26e1oi-03a37ef7c78b67cfe005bc6044040def av-styling- avia-align-center  avia-builder-el-1  el_before_av_hr  avia-builder-el-first '   itemprop="image" itemscope="itemscope" itemtype="https://schema.org/ImageObject" ><div class="avia-image-container-inner"><div class="avia-image-overlay-wrap"><img decoding="async" fetchpriority="high" class='wp-image-17720 avia-img-lazy-loading-not-17720 avia_image ' src="https://dackel.ch/wp-content/uploads/2021/04/Logo-GR-TI-2021-300x234.jpg" alt='' title='GRTI05'  height="234" width="300"  itemprop="thumbnailUrl"  /></div></div></div><br />
<div  class='hr av-20nas2-38ea19fec3059d642bbbee36da408cb8 hr-default  avia-builder-el-2  el_after_av_image  el_before_av_textblock '><span class='hr-inner '><span class="hr-inner-style"></span></span></div><br />
<section  class='av_textblock_section av-1v0snm-173b478bfead59af914cb33635cc626d '   itemscope="itemscope" itemtype="https://schema.org/CreativeWork" ><div class='avia_textblock'  itemprop="text" ><p>Il nostro gruppo locale GR/TI esiste dal 14 gennaio 1995 ed è stato fondato a Thusis. Gli iniziatori sono stati Maya von Allmen, Käthi Keller e Hans Liechti. Il nostro gruppo locale, relativamente giovane e piccolo, offre ai nostri membri una buona comunicazione tra loro e attività per cani e persone durante tutto l&#8217;anno.  </p>
<p>Con i nostri cani da caccia eseguiamo diverse esercitazioni e prove di caccia. </p>
<p>Oltre al cane da caccia e da lavoro, al nostro club appartengono anche il cane da compagnia e il cane di famiglia. Che si tratti di un bassotto a pelo ruvido, a pelo corto o a pelo lungo, ogni bassotto ci sta ugualmente a cuore. La varietà delle nostre attività è cresciuta negli anni tanto quanto la nostra competenza sui bassotti e sul lavoro con i cani. Dal corso per cani da compagnia con esame, al ring training per esposizioni di bellezza, alla valutazione della conformazione, alla prova caratteriale, all&#8217;esposizione per cani giovani, alle escursioni fino alle giornate di conoscenza, ogni anno viene offerto qualcosa a tutti.   </p>
<p>L&#8217;obiettivo del nostro gruppo locale è imparare gli uni dagli altri, allacciare contatti e stringere amicizie per il bene e la gioia dei nostri bassotti. Saremmo lieti di darvi il benvenuto nella nostra cerchia e speriamo che vi sentiate a vostro agio nel nostro gruppo locale. Se avete altre domande, siamo a vostra disposizione. Scriveteci!   </p>
<hr>
<p><strong>Consiglio direttivo</strong></p>
<div class="tmm  tmm_ortsgruppe-graubuendenticino tmm-floating-pic"><div class="tmm_2_columns tmm_wrap "><span class="tmm_two_containers_tablet"></span><div class="tmm_container"><div class="tmm_member " style="border-top:#aaaaaa solid 5px;"><div class="tmm_textblock"><div class="tmm_names"><span class="tmm_fname">Yves René</span> <span class="tmm_lname">Lauber</span></div><div class="tmm_job">Präsident</div><div class="tmm_desc" style="text-align:center">Via San Gian 48<br>
7500 St. Moritz<br>
Telefon 081 589 67 70</div><div class="tmm_scblock">
                                                        <a class="tmm_sociallink" href="mailto:yves.lauber@dackel.ch" title="E-Mail"><img decoding="async" alt="E-Mail" src="https://dackel.ch/wp-content/plugins/team-members-pro/img/links/email.png"/></a></div></div></div><div class="tmm_member " style="border-top:#aaaaaa solid 5px;"><div class="tmm_textblock"><div class="tmm_names"><span class="tmm_fname">Sylvia</span> <span class="tmm_lname">Gianfelice</span></div><div class="tmm_job">Kassierin</div><div class="tmm_desc" style="text-align:center">Afuris 1B<br>
7015 Tamins<br>
Telefon 079 610 23 27</div><div class="tmm_scblock">
                                                        <a class="tmm_sociallink" href="mailto:sylvia.gianfelice@dackel.ch" title="E-Mail"><img decoding="async" alt="E-Mail" src="https://dackel.ch/wp-content/plugins/team-members-pro/img/links/email.png"/></a></div></div></div><span class="tmm_two_containers_tablet"></span></div><span class="tmm_columns_containers_desktop"></span><div class="tmm_container"><div class="tmm_member " style="border-top:#aaaaaa solid 5px;"><div class="tmm_textblock"><div class="tmm_names"><span class="tmm_fname">Claudia</span> <span class="tmm_lname">Lauener</span></div><div class="tmm_job">Sekretärin</div><div class="tmm_desc" style="text-align:center">Schartenfelsstrasse 29<br>
5400 Baden<br>
Mobile 079 402 90 43</div><div class="tmm_scblock">
                                                        <a class="tmm_sociallink" href="mailto:claudia.lauener@dackel.ch" title="E-Mail"><img decoding="async" alt="E-Mail" src="https://dackel.ch/wp-content/plugins/team-members-pro/img/links/email.png"/></a></div></div></div><div style="clear:both;"></div></div></div></div>
</div></section></p></div>

<style type="text/css" data-created_by="avia_inline_auto" id="style-css-av-1s6oqa-9845946bf63959f29876c450b1d7889b">
.flex_column.av-1s6oqa-9845946bf63959f29876c450b1d7889b{
border-radius:0px 0px 0px 0px;
padding:0px 0px 0px 0px;
}
</style>
<div  class='flex_column av-1s6oqa-9845946bf63959f29876c450b1d7889b av_two_fifth flex_column_div av-zero-column-padding  '     ><p><section  class='av_textblock_section av-1ifssa-ffa429a2d53625864fa9f66b01e39341 '   itemscope="itemscope" itemtype="https://schema.org/CreativeWork" ><div class='avia_textblock'  itemprop="text" ><p><strong>Programma</strong></p>
<h3></h3>
</div></section><br />
<div  class='hr av-406wi-b5307f48891e49402480ee1921934eeb hr-default'><span class='hr-inner '><span class="hr-inner-style"></span></span></div><br />
<div  class='avia-button-wrap avia-button-center '>
<style type="text/css" data-created_by="avia_inline_auto" id="style-css-av-lbmnurda-35d35b2bf513660baaa9979bcf001e72">
#top #wrap_all .avia-button.av-lbmnurda-35d35b2bf513660baaa9979bcf001e72:hover{
background-color:silver;
color:white;
transition:all 0.4s ease-in-out;
}
#top #wrap_all .avia-button.av-lbmnurda-35d35b2bf513660baaa9979bcf001e72:hover .avia-svg-icon svg:first-child{
fill:white;
stroke:white;
}
</style>
<a href='https://dackel.ch/wp-content/uploads/2026/02/j_prog_gr.ti_def-2026-1.pdf' class='avia-color-theme-color avia-font-color-theme-color avia-button avia-button-fullwidth av-lbmnurda-35d35b2bf513660baaa9979bcf001e72 avia-icon_select-no avia-color-theme-color'  target="_blank"  rel="noopener noreferrer"  aria-label="Programma annuale 2026"><span class='avia_iconbox_title' >Programma annuale 2026</span></a></div><br />
<div  class='hr av-r4kya-01930774abb6b25ffec8745c6eae8f9f hr-default'><span class='hr-inner '><span class="hr-inner-style"></span></span></div><br />
<section  class='av_textblock_section av-6nxnu-95bc3e890c1b5b9e72ce755a7f5e87e3 '   itemscope="itemscope" itemtype="https://schema.org/CreativeWork" ><div class='avia_textblock'  itemprop="text" ><p><a href="http://www.dackel-grti.ch" target="_blank" rel="noopener"><strong>Sito web della sezione Grigioni/Ticino</strong></a></p>
<p><a href="http://www.dackel-grti.ch" target="_blank" rel="noopener"><img loading="lazy" decoding="async" class="alignnone wp-image-8365 size-medium" src="https://dackel.ch/wp-content/uploads/2022/01/og-grti-300x290.jpg" alt="" width="300" height="290" srcset="https://dackel.ch/wp-content/uploads/2022/01/og-grti-300x290.jpg 300w, https://dackel.ch/wp-content/uploads/2022/01/og-grti-36x36.jpg 36w, https://dackel.ch/wp-content/uploads/2022/01/og-grti.jpg 564w" sizes="auto, (max-width: 300px) 100vw, 300px" /></a></p>
</div></section><br />
<div  class='hr av-cpqpm-2-1fc9e88350ab6d78d3467067ad150ecf hr-default'><span class='hr-inner '><span class="hr-inner-style"></span></span></div><br />
<section  class='av_textblock_section av-6nxnu-1-521d695d32a7a8f2e6cc38fbbc1d78df '   itemscope="itemscope" itemtype="https://schema.org/CreativeWork" ><div class='avia_textblock'  itemprop="text" ><p><strong>Info | Link | Download</strong></p>
</div></section></p></div>
